Last updated on 2024-03-28 23:01:41 CET.
Flavor | Version | Tinstall | Tcheck | Ttotal | Status | Flags |
---|---|---|---|---|---|---|
r-devel-linux-x86_64-debian-clang | 0.6.24 | 8.16 | 91.90 | 100.06 | NOTE | |
r-devel-linux-x86_64-debian-gcc | 0.6.24 | 7.21 | 68.37 | 75.58 | NOTE | |
r-devel-linux-x86_64-fedora-clang | 0.6.24 | 126.35 | NOTE | |||
r-devel-linux-x86_64-fedora-gcc | 0.6.24 | 122.05 | NOTE | |||
r-devel-windows-x86_64 | 0.6.24 | 9.00 | 89.00 | 98.00 | NOTE | |
r-patched-linux-x86_64 | 0.6.24 | 6.37 | 86.99 | 93.36 | NOTE | |
r-release-linux-x86_64 | 0.6.24 | 9.30 | 89.26 | 98.56 | OK | |
r-release-macos-arm64 | 0.6.24 | 36.00 | OK | |||
r-release-macos-x86_64 | 0.6.24 | 64.00 | OK | |||
r-release-windows-x86_64 | 0.6.24 | 12.00 | 102.00 | 114.00 | OK | |
r-oldrel-macos-arm64 | 0.6.24 | 34.00 | OK | |||
r-oldrel-windows-x86_64 | 0.6.24 | 15.00 | 100.00 | 115.00 | OK |
Version: 0.6.24
Check: Rd \usage sections
Result: NOTE
Documented arguments not in \usage in Rd file 'get_superior.Rd':
‘stirng’
Functions with \usage entries need to have the appropriate \alias
entries, and all their arguments documented.
The \usage entries must correspond to syntactically valid R code.
See chapter ‘Writing R documentation files’ in the ‘Writing R
Extensions’ manual.
Flavors: r-devel-linux-x86_64-debian-clang, r-devel-linux-x86_64-debian-gcc, r-devel-linux-x86_64-fedora-clang, r-devel-linux-x86_64-fedora-gcc, r-devel-windows-x86_64, r-patched-linux-x86_64