CRAN Package Check Results for Package codemetar

Last updated on 2019-12-11 22:51:03 CET.

Flavor Version Tinstall Tcheck Ttotal Status Flags
r-devel-linux-x86_64-debian-clang 0.1.8 5.98 78.87 84.85 OK
r-devel-linux-x86_64-debian-gcc 0.1.8 4.67 61.10 65.77 OK
r-devel-linux-x86_64-fedora-clang 0.1.8 98.35 NOTE
r-devel-linux-x86_64-fedora-gcc 0.1.8 95.13 NOTE
r-devel-windows-ix86+x86_64 0.1.8 15.00 115.00 130.00 OK
r-devel-windows-ix86+x86_64-gcc8 0.1.8 14.00 114.00 128.00 OK
r-patched-linux-x86_64 0.1.8 4.96 71.31 76.27 OK
r-patched-solaris-x86 0.1.8 93.00 NOTE
r-release-linux-x86_64 0.1.8 4.47 70.92 75.39 OK
r-release-windows-ix86+x86_64 0.1.8 13.00 89.00 102.00 OK
r-release-osx-x86_64 0.1.8 NOTE
r-oldrel-windows-ix86+x86_64 0.1.8 8.00 83.00 91.00 OK
r-oldrel-osx-x86_64 0.1.8 NOTE

Check Details

Version: 0.1.8
Check: dependencies in R code
Result: NOTE
    Namespace in Imports field not imported from: ‘memoise’
     All declared Imports should be used.
Flavors: r-devel-linux-x86_64-fedora-clang, r-devel-linux-x86_64-fedora-gcc, r-patched-solaris-x86, r-release-osx-x86_64, r-oldrel-osx-x86_64