CRAN Package Check Results for Package codemetar

Last updated on 2019-08-17 22:46:23 CEST.

Flavor Version Tinstall Tcheck Ttotal Status Flags
r-devel-linux-x86_64-debian-clang 0.1.8 5.08 72.32 77.40 OK
r-devel-linux-x86_64-debian-gcc 0.1.8 4.07 56.36 60.43 OK
r-devel-linux-x86_64-fedora-clang 0.1.8 90.03 NOTE
r-devel-linux-x86_64-fedora-gcc 0.1.8 83.30 NOTE
r-devel-windows-ix86+x86_64 0.1.8 17.00 101.00 118.00 OK
r-patched-linux-x86_64 0.1.8 3.68 69.15 72.83 OK
r-patched-solaris-x86 0.1.8 97.00 NOTE
r-release-linux-x86_64 0.1.8 4.63 68.95 73.58 OK
r-release-windows-ix86+x86_64 0.1.8 14.00 104.00 118.00 OK
r-release-osx-x86_64 0.1.8 NOTE
r-oldrel-windows-ix86+x86_64 0.1.8 13.00 110.00 123.00 OK
r-oldrel-osx-x86_64 0.1.8 NOTE

Check Details

Version: 0.1.8
Check: dependencies in R code
Result: NOTE
    Namespace in Imports field not imported from: ‘memoise’
     All declared Imports should be used.
Flavors: r-devel-linux-x86_64-fedora-clang, r-devel-linux-x86_64-fedora-gcc, r-patched-solaris-x86, r-release-osx-x86_64, r-oldrel-osx-x86_64