CRAN Package Check Results for Package coinmarketcapr

Last updated on 2019-08-25 22:46:58 CEST.

Flavor Version Tinstall Tcheck Ttotal Status Flags
r-devel-linux-x86_64-debian-clang 0.2 3.15 39.99 43.14 OK
r-devel-linux-x86_64-debian-gcc 0.2 2.82 31.11 33.93 OK
r-devel-linux-x86_64-fedora-clang 0.2 53.60 OK
r-devel-linux-x86_64-fedora-gcc 0.2 50.56 OK
r-devel-windows-ix86+x86_64 0.2 21.00 57.00 78.00 OK
r-patched-linux-x86_64 0.2 2.85 37.03 39.88 WARN
r-patched-solaris-x86 0.2 81.90 OK
r-release-linux-x86_64 0.2 3.07 38.96 42.03 OK
r-release-windows-ix86+x86_64 0.2 19.00 91.00 110.00 OK
r-release-osx-x86_64 0.2 OK
r-oldrel-windows-ix86+x86_64 0.2 14.00 79.00 93.00 OK
r-oldrel-osx-x86_64 0.2 OK

Check Details

Version: 0.2
Check: re-building of vignette outputs
Result: WARN
    Error(s) in re-building vignettes:
     ...
    --- re-building ‘Getting_Started.Rmd’ using rmarkdown
    Quitting from lines 44-46 (Getting_Started.Rmd)
    Error: processing vignette 'Getting_Started.Rmd' failed with diagnostics:
    lexical error: invalid char in json text.
     <!DOCTYPE html> <!--[if lt IE 7
     (right here) ------^
    
    --- failed re-building ‘Getting_Started.Rmd’
    
    SUMMARY: processing the following file failed:
     ‘Getting_Started.Rmd’
    
    Error: Vignette re-building failed.
    Execution halted
Flavor: r-patched-linux-x86_64