Last updated on 2023-04-01 22:53:37 CEST.
Flavor | Version | Tinstall | Tcheck | Ttotal | Status | Flags |
---|---|---|---|---|---|---|
r-devel-linux-x86_64-debian-clang | 0.1.7 | 3.71 | 42.12 | 45.83 | NOTE | |
r-devel-linux-x86_64-debian-gcc | 0.1.7 | 3.22 | 31.91 | 35.13 | NOTE | |
r-devel-linux-x86_64-fedora-clang | 0.1.7 | 56.54 | NOTE | |||
r-devel-linux-x86_64-fedora-gcc | 0.1.7 | 54.27 | NOTE | |||
r-devel-windows-x86_64 | 0.1.7 | 8.00 | 69.00 | 77.00 | NOTE | |
r-patched-linux-x86_64 | 0.1.7 | 3.85 | 40.09 | 43.94 | NOTE | |
r-release-linux-x86_64 | 0.1.7 | 4.09 | 42.84 | 46.93 | NOTE | |
r-release-macos-arm64 | 0.1.7 | 20.00 | NOTE | |||
r-release-macos-x86_64 | 0.1.7 | 28.00 | NOTE | |||
r-release-windows-x86_64 | 0.1.7 | 29.00 | 77.00 | 106.00 | NOTE | |
r-oldrel-macos-arm64 | 0.1.7 | 27.00 | NOTE | |||
r-oldrel-macos-x86_64 | 0.1.7 | 36.00 | NOTE | |||
r-oldrel-windows-ix86+x86_64 | 0.1.7 | 9.00 | 70.00 | 79.00 | NOTE |
Version: 0.1.7
Check: LazyData
Result: NOTE
'LazyData' is specified without a 'data' directory
Flavors: r-devel-linux-x86_64-debian-clang, r-devel-linux-x86_64-debian-gcc, r-devel-linux-x86_64-fedora-clang, r-devel-linux-x86_64-fedora-gcc, r-devel-windows-x86_64, r-patched-linux-x86_64, r-release-linux-x86_64, r-release-macos-arm64, r-release-macos-x86_64, r-release-windows-x86_64, r-oldrel-macos-arm64, r-oldrel-macos-x86_64, r-oldrel-windows-ix86+x86_64