Last updated on 2024-04-19 22:55:41 CEST.
Flavor | Version | Tinstall | Tcheck | Ttotal | Status | Flags |
---|---|---|---|---|---|---|
r-devel-linux-x86_64-debian-clang | 0.1.9 | 7.51 | 81.78 | 89.29 | OK | |
r-devel-linux-x86_64-debian-gcc | 0.1.9 | OK | ||||
r-devel-linux-x86_64-fedora-clang | 0.1.9 | 112.54 | NOTE | |||
r-devel-linux-x86_64-fedora-gcc | 0.1.9 | 137.81 | OK | |||
r-prerel-macos-arm64 | 0.1.9 | 36.00 | NOTE | |||
r-prerel-windows-x86_64 | 0.1.9 | 7.00 | 72.00 | 79.00 | NOTE | |
r-patched-linux-x86_64 | 0.1.9 | 6.58 | 78.92 | 85.50 | OK | |
r-release-linux-x86_64 | 0.1.9 | 4.71 | 76.78 | 81.49 | OK | |
r-release-macos-arm64 | 0.1.9 | 43.00 | NOTE | |||
r-release-macos-x86_64 | 0.1.9 | 57.00 | NOTE | |||
r-release-windows-x86_64 | 0.1.9 | 9.00 | 78.00 | 87.00 | NOTE | |
r-oldrel-macos-arm64 | 0.1.9 | 34.00 | NOTE | |||
r-oldrel-windows-x86_64 | 0.1.9 | 10.00 | 84.00 | 94.00 | NOTE |
Version: 0.1.9
Check: installed package size
Result: NOTE
installed size is 5.2Mb
sub-directories of 1Mb or more:
doc 4.9Mb
Flavors: r-devel-linux-x86_64-fedora-clang, r-prerel-macos-arm64, r-prerel-windows-x86_64, r-release-macos-arm64, r-release-macos-x86_64, r-release-windows-x86_64, r-oldrel-macos-arm64, r-oldrel-windows-x86_64