CRAN Package Check Results for Package colorspace

Last updated on 2019-07-21 22:49:51 CEST.

Flavor Version Tinstall Tcheck Ttotal Status Flags
r-devel-linux-x86_64-debian-clang 1.4-1 9.93 78.82 88.75 NOTE
r-devel-linux-x86_64-debian-gcc 1.4-1 8.82 63.11 71.93 NOTE
r-devel-linux-x86_64-fedora-clang 1.4-1 107.63 NOTE
r-devel-linux-x86_64-fedora-gcc 1.4-1 105.08 NOTE
r-devel-windows-ix86+x86_64 1.4-1 24.00 161.00 185.00 OK
r-patched-linux-x86_64 1.4-1 9.98 78.71 88.69 OK
r-patched-solaris-x86 1.4-1 149.40 OK
r-release-linux-x86_64 1.4-1 9.56 78.70 88.26 OK
r-release-windows-ix86+x86_64 1.4-1 26.00 127.00 153.00 OK
r-release-osx-x86_64 1.4-1 OK
r-oldrel-windows-ix86+x86_64 1.4-1 28.00 163.00 191.00 OK
r-oldrel-osx-x86_64 1.4-1 OK

Check Details

Version: 1.4-1
Check: for non-standard things in the check directory
Result: NOTE
    Found the following files/directories:
     'random.txt'
Flavors: r-devel-linux-x86_64-debian-clang, r-devel-linux-x86_64-debian-gcc, r-devel-linux-x86_64-fedora-clang, r-devel-linux-x86_64-fedora-gcc