CRAN Package Check Results for Package colourvalues

Last updated on 2021-04-10 22:52:19 CEST.

Flavor Version Tinstall Tcheck Ttotal Status Flags
r-devel-linux-x86_64-debian-clang 0.3.7 98.43 35.85 134.28 NOTE
r-devel-linux-x86_64-debian-gcc 0.3.7 62.38 27.72 90.10 NOTE
r-devel-linux-x86_64-fedora-clang 0.3.7 193.20 NOTE
r-devel-linux-x86_64-fedora-gcc 0.3.7 166.16 NOTE
r-devel-windows-ix86+x86_64 0.3.7 215.00 74.00 289.00 NOTE
r-devel-windows-x86_64-gcc10-UCRT 0.3.7 NOTE
r-patched-linux-x86_64 0.3.7 77.46 34.15 111.61 OK
r-patched-solaris-x86 0.3.7 158.80 OK
r-release-linux-x86_64 0.3.7 99.42 34.20 133.62 OK
r-release-macos-x86_64 0.3.7 NOTE
r-release-windows-ix86+x86_64 0.3.7 163.00 88.00 251.00 OK
r-oldrel-macos-x86_64 0.3.7 NOTE
r-oldrel-windows-ix86+x86_64 0.3.7 205.00 66.00 271.00 OK

Check Details

Version: 0.3.7
Check: LazyData
Result: NOTE
     'LazyData' is specified without a 'data' directory
Flavors: r-devel-linux-x86_64-debian-clang, r-devel-linux-x86_64-debian-gcc, r-devel-linux-x86_64-fedora-clang, r-devel-linux-x86_64-fedora-gcc, r-devel-windows-ix86+x86_64, r-devel-windows-x86_64-gcc10-UCRT

Version: 0.3.7
Check: installed package size
Result: NOTE
     installed size is 7.9Mb
     sub-directories of 1Mb or more:
     libs 6.6Mb
Flavors: r-devel-linux-x86_64-fedora-clang, r-release-macos-x86_64, r-oldrel-macos-x86_64