CRAN Package Check Results for Package combinIT

Last updated on 2023-12-07 21:55:42 CET.

Flavor Version Tinstall Tcheck Ttotal Status Flags
r-devel-linux-x86_64-debian-clang 2.0.0 39.88 62.00 101.88 NOTE
r-devel-linux-x86_64-debian-gcc 2.0.0 32.21 54.33 86.54 NOTE
r-devel-linux-x86_64-fedora-clang 2.0.0 139.21 NOTE
r-devel-linux-x86_64-fedora-gcc 2.0.0 142.77 NOTE
r-devel-windows-x86_64 2.0.0 36.00 82.00 118.00 NOTE
r-patched-linux-x86_64 2.0.0 36.41 67.08 103.49 NOTE
r-release-linux-x86_64 2.0.0 42.16 58.53 100.69 NOTE
r-release-macos-arm64 2.0.0 38.00 NOTE
r-release-macos-x86_64 2.0.0 68.00 NOTE
r-release-windows-x86_64 2.0.0 48.00 94.00 142.00 NOTE
r-oldrel-macos-arm64 2.0.0 36.00 OK
r-oldrel-macos-x86_64 2.0.0 49.00 OK
r-oldrel-windows-x86_64 2.0.0 44.00 88.00 132.00 OK

Check Details

Version: 2.0.0
Check: C++ specification
Result: NOTE Specified C++11: please drop specification unless essential Flavors: r-devel-linux-x86_64-debian-clang, r-devel-linux-x86_64-debian-gcc, r-devel-linux-x86_64-fedora-clang, r-devel-linux-x86_64-fedora-gcc, r-devel-windows-x86_64, r-patched-linux-x86_64, r-release-linux-x86_64, r-release-macos-arm64, r-release-macos-x86_64, r-release-windows-x86_64