Last updated on 2024-03-28 23:01:41 CET.
Flavor | Version | Tinstall | Tcheck | Ttotal | Status | Flags |
---|---|---|---|---|---|---|
r-devel-linux-x86_64-debian-clang | 0.1.5 | 4.75 | 40.45 | 45.20 | NOTE | |
r-devel-linux-x86_64-debian-gcc | 0.1.5 | 4.22 | 30.90 | 35.12 | NOTE | |
r-devel-linux-x86_64-fedora-clang | 0.1.5 | 55.85 | NOTE | |||
r-devel-linux-x86_64-fedora-gcc | 0.1.5 | 55.90 | NOTE | |||
r-devel-windows-x86_64 | 0.1.5 | 9.00 | 51.00 | 60.00 | OK | |
r-patched-linux-x86_64 | 0.1.5 | 5.63 | 38.05 | 43.68 | NOTE | |
r-release-linux-x86_64 | 0.1.5 | 5.65 | 39.18 | 44.83 | NOTE | |
r-release-macos-arm64 | 0.1.5 | 22.00 | OK | |||
r-release-macos-x86_64 | 0.1.5 | 32.00 | OK | |||
r-release-windows-x86_64 | 0.1.5 | 9.00 | 55.00 | 64.00 | OK | |
r-oldrel-macos-arm64 | 0.1.5 | 22.00 | OK | |||
r-oldrel-windows-x86_64 | 0.1.5 | 10.00 | 58.00 | 68.00 | OK |
Version: 0.1.5
Check: for non-standard things in the check directory
Result: NOTE
Found the following files/directories:
‘cometExactTest_plot.pdf’
Flavors: r-devel-linux-x86_64-debian-clang, r-devel-linux-x86_64-debian-gcc, r-devel-linux-x86_64-fedora-clang, r-devel-linux-x86_64-fedora-gcc, r-patched-linux-x86_64, r-release-linux-x86_64