Last updated on 2021-03-03 22:51:12 CET.
Flavor | Version | Tinstall | Tcheck | Ttotal | Status | Flags |
---|---|---|---|---|---|---|
r-devel-linux-x86_64-debian-clang | 4.4.6 | 21.41 | 208.37 | 229.78 | OK | |
r-devel-linux-x86_64-debian-gcc | 4.4.6 | 17.87 | 151.23 | 169.10 | OK | |
r-devel-linux-x86_64-fedora-clang | 4.4.6 | 282.02 | OK | |||
r-devel-linux-x86_64-fedora-gcc | 4.4.6 | 264.74 | OK | |||
r-devel-windows-ix86+x86_64 | 4.4.6 | 48.00 | 248.00 | 296.00 | OK | |
r-patched-linux-x86_64 | 4.4.6 | 20.96 | 192.05 | 213.01 | OK | |
r-patched-solaris-x86 | 4.4.6 | 373.70 | NOTE | |||
r-release-linux-x86_64 | 4.4.6 | 19.09 | 191.52 | 210.61 | OK | |
r-release-macos-x86_64 | 4.4.6 | OK | ||||
r-release-windows-ix86+x86_64 | 4.4.6 | 31.00 | 203.00 | 234.00 | OK | |
r-oldrel-macos-x86_64 | 4.4.6 | NOTE | ||||
r-oldrel-windows-ix86+x86_64 | 4.4.6 | 41.00 | 248.00 | 289.00 | OK |
Version: 4.4.6
Check: installed package size
Result: NOTE
installed size is 5.3Mb
sub-directories of 1Mb or more:
doc 1.6Mb
help 1.4Mb
Flavor: r-patched-solaris-x86
Version: 4.4.6
Check: dependencies in R code
Result: NOTE
No protocol specified
No protocol specified
Flavor: r-oldrel-macos-x86_64