CRAN Package Check Results for Package comparer

Last updated on 2021-04-10 22:52:19 CEST.

Flavor Version Tinstall Tcheck Ttotal Status Flags
r-devel-linux-x86_64-debian-clang 0.2.2 5.90 51.13 57.03 OK
r-devel-linux-x86_64-debian-gcc 0.2.2 4.78 40.67 45.45 OK
r-devel-linux-x86_64-fedora-clang 0.2.2 72.77 NOTE
r-devel-linux-x86_64-fedora-gcc 0.2.2 67.41 NOTE
r-devel-windows-ix86+x86_64 0.2.2 12.00 66.00 78.00 OK
r-devel-windows-x86_64-gcc10-UCRT 0.2.2 NOTE
r-patched-linux-x86_64 0.2.2 6.09 49.26 55.35 OK
r-patched-solaris-x86 0.2.2 94.70 NOTE
r-release-linux-x86_64 0.2.2 7.57 48.55 56.12 OK
r-release-macos-x86_64 0.2.2 NOTE
r-release-windows-ix86+x86_64 0.2.2 9.00 84.00 93.00 OK
r-oldrel-macos-x86_64 0.2.2 NOTE
r-oldrel-windows-ix86+x86_64 0.2.2 10.00 83.00 93.00 OK

Check Details

Version: 0.2.2
Check: dependencies in R code
Result: NOTE
    Namespace in Imports field not imported from: ‘R6’
     All declared Imports should be used.
Flavors: r-devel-linux-x86_64-fedora-clang, r-devel-linux-x86_64-fedora-gcc, r-devel-windows-x86_64-gcc10-UCRT, r-patched-solaris-x86, r-release-macos-x86_64, r-oldrel-macos-x86_64