Last updated on 2023-12-06 23:11:55 CET.
Flavor | Version | Tinstall | Tcheck | Ttotal | Status | Flags |
---|---|---|---|---|---|---|
r-devel-linux-x86_64-debian-clang | 0.1.1 | 23.29 | 88.53 | 111.82 | NOTE | |
r-devel-linux-x86_64-debian-gcc | 0.1.1 | 14.19 | 67.56 | 81.75 | NOTE | |
r-devel-linux-x86_64-fedora-clang | 0.1.1 | 143.37 | OK | |||
r-devel-linux-x86_64-fedora-gcc | 0.1.1 | 153.86 | OK | |||
r-devel-windows-x86_64 | 0.1.1 | 22.00 | 101.00 | 123.00 | OK | |
r-patched-linux-x86_64 | 0.1.1 | 16.54 | 83.54 | 100.08 | OK | |
r-release-linux-x86_64 | 0.1.1 | 14.87 | 83.60 | 98.47 | OK | |
r-release-macos-arm64 | 0.1.1 | 53.00 | OK | |||
r-release-macos-x86_64 | 0.1.1 | 86.00 | OK | |||
r-release-windows-x86_64 | 0.1.1 | 29.00 | 120.00 | 149.00 | OK | |
r-oldrel-macos-arm64 | 0.1.1 | 41.00 | OK | |||
r-oldrel-macos-x86_64 | 0.1.1 | 73.00 | OK | |||
r-oldrel-windows-x86_64 | 0.1.1 | 25.00 | 117.00 | 142.00 | OK |
Version: 0.1.1
Check: Rd files
Result: NOTE
checkRd: (-1) keener.Rd:82: Lost braces; missing escapes or markup?
82 | a_{ij} = (S_ij + 1) / (S_ij + S_ji + 2). This step should make comparing
| ^
Flavors: r-devel-linux-x86_64-debian-clang, r-devel-linux-x86_64-debian-gcc