Last updated on 2024-03-28 23:01:41 CET.
Flavor | Version | Tinstall | Tcheck | Ttotal | Status | Flags |
---|---|---|---|---|---|---|
r-devel-linux-x86_64-debian-clang | 1.1.0 | 10.25 | 53.23 | 63.48 | OK | |
r-devel-linux-x86_64-debian-gcc | 1.1.0 | 9.44 | 42.41 | 51.85 | OK | |
r-devel-linux-x86_64-fedora-clang | 1.1.0 | 84.97 | OK | |||
r-devel-linux-x86_64-fedora-gcc | 1.1.0 | 94.85 | OK | |||
r-devel-windows-x86_64 | 1.1.0 | 14.00 | 65.00 | 79.00 | OK | |
r-patched-linux-x86_64 | 1.1.0 | 10.07 | 52.35 | 62.42 | OK | |
r-release-linux-x86_64 | 1.1.0 | 12.84 | 51.61 | 64.45 | OK | |
r-release-macos-arm64 | 1.1.0 | 41.00 | NOTE | |||
r-release-macos-x86_64 | 1.1.0 | 63.00 | OK | |||
r-release-windows-x86_64 | 1.1.0 | 19.00 | 70.00 | 89.00 | OK | |
r-oldrel-macos-arm64 | 1.1.0 | 35.00 | NOTE | |||
r-oldrel-windows-x86_64 | 1.1.0 | 20.00 | 75.00 | 95.00 | OK |
Version: 1.1.0
Check: installed package size
Result: NOTE
installed size is 5.2Mb
sub-directories of 1Mb or more:
data 4.9Mb
Flavors: r-release-macos-arm64, r-oldrel-macos-arm64