CRAN Package Check Results for Package compoisson

Last updated on 2018-10-16 22:56:07 CEST.

Flavor Version Tinstall Tcheck Ttotal Status Flags
r-devel-linux-x86_64-debian-clang 0.3 1.20 20.03 21.23 NOTE
r-devel-linux-x86_64-debian-gcc 0.3 1.02 16.40 17.42 NOTE
r-devel-linux-x86_64-fedora-clang 0.3 25.63 NOTE
r-devel-linux-x86_64-fedora-gcc 0.3 24.27 NOTE
r-devel-windows-ix86+x86_64 0.3 4.00 43.00 47.00 OK
r-patched-linux-x86_64 0.3 1.18 18.38 19.56 NOTE
r-patched-solaris-x86 0.3 35.50 NOTE
r-release-linux-x86_64 0.3 0.91 18.59 19.50 NOTE
r-release-windows-ix86+x86_64 0.3 3.00 40.00 43.00 OK
r-release-osx-x86_64 0.3 NOTE
r-oldrel-windows-ix86+x86_64 0.3 5.00 30.00 35.00 OK
r-oldrel-osx-x86_64 0.3 NOTE

Check Details

Version: 0.3
Check: DESCRIPTION meta-information
Result: NOTE
    Deprecated license: BSD
Flavors: r-devel-linux-x86_64-debian-clang, r-devel-linux-x86_64-debian-gcc, r-devel-linux-x86_64-fedora-clang, r-devel-linux-x86_64-fedora-gcc, r-patched-linux-x86_64, r-patched-solaris-x86, r-release-linux-x86_64, r-release-osx-x86_64, r-oldrel-osx-x86_64