CRAN Package Check Results for Package compoisson

Last updated on 2018-01-17 22:47:05 CET.

Flavor Version Tinstall Tcheck Ttotal Status Flags
r-devel-linux-x86_64-debian-clang 0.3 0.70 19.15 19.85 NOTE
r-devel-linux-x86_64-debian-gcc 0.3 0.53 15.15 15.68 NOTE
r-devel-linux-x86_64-fedora-clang 0.3 22.79 NOTE
r-devel-linux-x86_64-fedora-gcc 0.3 22.52 NOTE
r-devel-windows-ix86+x86_64 0.3 4.00 30.00 34.00 OK
r-patched-linux-x86_64 0.3 1.01 17.64 18.65 NOTE
r-patched-solaris-x86 0.3 33.60 NOTE
r-release-linux-x86_64 0.3 0.79 17.81 18.60 NOTE
r-release-windows-ix86+x86_64 0.3 3.00 43.00 46.00 OK
r-release-osx-x86_64 0.3 NOTE
r-oldrel-windows-ix86+x86_64 0.3 3.00 37.00 40.00 OK
r-oldrel-osx-x86_64 0.3 NOTE

Check Details

Version: 0.3
Check: DESCRIPTION meta-information
Result: NOTE
    Deprecated license: BSD
Flavors: r-devel-linux-x86_64-debian-clang, r-devel-linux-x86_64-debian-gcc, r-devel-linux-x86_64-fedora-clang, r-devel-linux-x86_64-fedora-gcc, r-patched-linux-x86_64, r-patched-solaris-x86, r-release-linux-x86_64, r-release-osx-x86_64, r-oldrel-osx-x86_64