CRAN Package Check Results for Package compoisson

Last updated on 2018-07-17 22:50:27 CEST.

Flavor Version Tinstall Tcheck Ttotal Status Flags
r-devel-linux-x86_64-debian-clang 0.3 1.23 19.67 20.90 NOTE
r-devel-linux-x86_64-debian-gcc 0.3 0.96 15.53 16.49 NOTE
r-devel-linux-x86_64-fedora-clang 0.3 24.97 NOTE
r-devel-linux-x86_64-fedora-gcc 0.3 22.81 NOTE
r-devel-windows-ix86+x86_64 0.3 4.00 51.00 55.00 OK
r-patched-linux-x86_64 0.3 1.19 19.02 20.21 NOTE
r-patched-solaris-x86 0.3 36.30 NOTE
r-release-linux-x86_64 0.3 1.17 18.24 19.41 NOTE
r-release-windows-ix86+x86_64 0.3 5.00 44.00 49.00 OK
r-release-osx-x86_64 0.3 NOTE
r-oldrel-windows-ix86+x86_64 0.3 3.00 31.00 34.00 OK
r-oldrel-osx-x86_64 0.3 NOTE

Check Details

Version: 0.3
Check: DESCRIPTION meta-information
Result: NOTE
    Deprecated license: BSD
Flavors: r-devel-linux-x86_64-debian-clang, r-devel-linux-x86_64-debian-gcc, r-devel-linux-x86_64-fedora-clang, r-devel-linux-x86_64-fedora-gcc, r-patched-linux-x86_64, r-patched-solaris-x86, r-release-linux-x86_64, r-release-osx-x86_64, r-oldrel-osx-x86_64