CRAN Package Check Results for Package compositions

Last updated on 2018-06-18 22:50:03 CEST.

Flavor Version Tinstall Tcheck Ttotal Status Flags
r-devel-linux-x86_64-debian-clang 1.40-2 21.58 126.91 148.49 OK
r-devel-linux-x86_64-debian-gcc 1.40-2 15.36 110.05 125.41 OK
r-devel-linux-x86_64-fedora-clang 1.40-2 189.77 OK
r-devel-linux-x86_64-fedora-gcc 1.40-2 187.19 OK
r-devel-windows-ix86+x86_64 1.40-2 36.00 217.00 253.00 OK
r-patched-linux-x86_64 1.40-2 18.28 139.03 157.31 OK
r-patched-solaris-x86 1.40-2 232.70 OK
r-release-linux-x86_64 1.40-2 15.74 139.27 155.01 OK
r-release-windows-ix86+x86_64 1.40-2 31.00 220.00 251.00 OK
r-release-osx-x86_64 1.40-2 OK
r-oldrel-windows-ix86+x86_64 1.40-2 20.00 229.00 249.00 OK
r-oldrel-osx-x86_64 1.40-1 NOTE

Check Details

Version: 1.40-1
Check: dependencies in R code
Result: NOTE
    'library' or 'require' call to ‘rgl’ in package code.
     Please use :: or requireNamespace() instead.
     See section 'Suggested packages' in the 'Writing R Extensions' manual.
Flavor: r-oldrel-osx-x86_64

Version: 1.40-1
Check: R code for possible problems
Result: NOTE
    arrows3D.default: no visible global function definition for ‘texts3d’
    arrows3D.default: no visible global function definition for
     ‘segments3d’
    axis3D: no visible global function definition for ‘bbox3d’
    biplot3D.default: no visible global function definition for ‘points3d’
    biplot3D.default: no visible global function definition for ‘texts3d’
    biplot3D.princomp: no visible global function definition for ‘texts3d’
    biplot3D.princomp: no visible global function definition for ‘par3d’
    coloredBiplot.default: no visible global function definition for
     ‘palette’
    colorsForOutliers1: no visible binding for global variable ‘rainbow’
    colorsForOutliers2: no visible global function definition for ‘rgb’
    gsi.APdivideix : <anonymous>: no visible global function definition for
     ‘combn’
    gsi.APrecursiu: no visible global function definition for ‘write.table’
    gsi.PrinBal: no visible global function definition for ‘write.table’
    gsi.PrinBal: no visible global function definition for ‘read.table’
    gsi.getPlot: no visible global function definition for ‘dev.cur’
    gsi.setPlot: no visible global function definition for ‘dev.cur’
    mix.Read: no visible global function definition for ‘read.table’
    noreplot: no visible global function definition for ‘dev.cur’
    pairwisePlot.default: no visible global function definition for
     ‘methods’
    plot3D.acomp: no visible global function definition for ‘points3d’
    plot3D.acomp: no visible global function definition for ‘lines3d’
    plot3D.acomp: no visible global function definition for ‘texts3d’
    plot3D.acomp: no visible global function definition for ‘rgl.viewpoint’
    plot3D.acomp: no visible global function definition for ‘bbox3d’
    plot3D.default: no visible global function definition for ‘rgl.bbox’
    plot3D.rcomp: no visible global function definition for ‘points3d’
    plot3D.rcomp: no visible global function definition for ‘lines3d’
    plot3D.rcomp: no visible global function definition for ‘texts3d’
    plot3D.rcomp: no visible global function definition for ‘rgl.viewpoint’
    plot3D.rcomp: no visible global function definition for ‘bbox3d’
    plot3D.rmult: no visible global function definition for ‘points3d’
    plot3D.rmult: no visible global function definition for ‘par3d’
    read.geoeas: no visible global function definition for ‘read.table’
    replot: no visible global function definition for ‘dev.cur’
    ternaryAxis: no visible global function definition for
     ‘as.graphicsAnnot’
    tryDebugger: no visible global function definition for ‘menu’
    Undefined global functions or variables:
     as.graphicsAnnot bbox3d combn dev.cur lines3d menu methods palette
     par3d points3d rainbow read.table rgb rgl.bbox rgl.viewpoint
     segments3d texts3d write.table
    Consider adding
     importFrom("grDevices", "as.graphicsAnnot", "dev.cur", "palette",
     "rainbow", "rgb")
     importFrom("utils", "combn", "menu", "methods", "read.table",
     "write.table")
    to your NAMESPACE file.
Flavor: r-oldrel-osx-x86_64

Version: 1.40-1
Check: files in ‘vignettes’
Result: NOTE
    Package has no Sweave vignette sources and no VignetteBuilder field.
Flavor: r-oldrel-osx-x86_64