Last updated on 2023-06-04 22:59:55 CEST.
Flavor | Version | Tinstall | Tcheck | Ttotal | Status | Flags |
---|---|---|---|---|---|---|
r-devel-linux-x86_64-debian-clang | 1.0.0 | 24.15 | 36.69 | 60.84 | NOTE | |
r-devel-linux-x86_64-debian-gcc | 1.0.0 | 19.44 | 30.00 | 49.44 | NOTE | |
r-devel-linux-x86_64-fedora-clang | 1.0.0 | 91.73 | NOTE | |||
r-devel-linux-x86_64-fedora-gcc | 1.0.0 | 83.78 | NOTE | |||
r-devel-windows-x86_64 | 1.0.0 | 20.00 | 67.00 | 87.00 | NOTE | |
r-patched-linux-x86_64 | 1.0.0 | 19.83 | 37.80 | 57.63 | NOTE | |
r-release-linux-x86_64 | 1.0.0 | 21.83 | 36.79 | 58.62 | NOTE | |
r-release-macos-arm64 | 1.0.0 | 30.00 | NOTE | |||
r-release-macos-x86_64 | 1.0.0 | 41.00 | NOTE | |||
r-release-windows-x86_64 | 1.0.0 | 28.00 | 76.00 | 104.00 | NOTE | |
r-oldrel-macos-arm64 | 1.0.0 | 27.00 | OK | |||
r-oldrel-macos-x86_64 | 1.0.0 | 38.00 | OK | |||
r-oldrel-windows-x86_64 | 1.0.0 | 28.00 | 75.00 | 103.00 | OK |
Version: 1.0.0
Check: C++ specification
Result: NOTE
Specified C++11: please drop specification unless essential
Flavors: r-devel-linux-x86_64-debian-clang, r-devel-linux-x86_64-debian-gcc, r-devel-linux-x86_64-fedora-clang, r-devel-linux-x86_64-fedora-gcc, r-devel-windows-x86_64, r-patched-linux-x86_64, r-release-linux-x86_64, r-release-macos-arm64, r-release-macos-x86_64, r-release-windows-x86_64