CRAN Package Check Results for Package concom

Last updated on 2024-06-17 22:53:56 CEST.

Flavor Version Tinstall Tcheck Ttotal Status Flags
r-devel-linux-x86_64-debian-clang 1.0.0 23.82 39.43 63.25 NOTE
r-devel-linux-x86_64-debian-gcc 1.0.0 17.27 31.45 48.72 NOTE
r-devel-linux-x86_64-fedora-clang 1.0.0 87.10 NOTE
r-devel-linux-x86_64-fedora-gcc 1.0.0 89.67 NOTE
r-devel-windows-x86_64 1.0.0 26.00 67.00 93.00 NOTE
r-patched-linux-x86_64 1.0.0 24.34 40.00 64.34 NOTE
r-release-linux-x86_64 1.0.0 23.46 39.67 63.13 NOTE
r-release-macos-arm64 1.0.0 25.00 NOTE
r-release-macos-x86_64 1.0.0 36.00 NOTE
r-release-windows-x86_64 1.0.0 24.00 68.00 92.00 NOTE
r-oldrel-macos-arm64 1.0.0 30.00 NOTE
r-oldrel-macos-x86_64 1.0.0 41.00 NOTE
r-oldrel-windows-x86_64 1.0.0 27.00 75.00 102.00 NOTE

Check Details

Version: 1.0.0
Check: C++ specification
Result: NOTE Specified C++11: please drop specification unless essential Flavors: r-devel-linux-x86_64-debian-clang, r-devel-linux-x86_64-debian-gcc, r-devel-linux-x86_64-fedora-clang, r-devel-linux-x86_64-fedora-gcc, r-devel-windows-x86_64, r-patched-linux-x86_64, r-release-linux-x86_64, r-release-macos-arm64, r-release-macos-x86_64, r-release-windows-x86_64, r-oldrel-macos-arm64, r-oldrel-macos-x86_64, r-oldrel-windows-x86_64