CRAN Package Check Results for Package congressbr

Last updated on 2019-06-17 22:51:50 CEST.

Flavor Version Tinstall Tcheck Ttotal Status Flags
r-devel-linux-x86_64-debian-clang 0.2.1 10.30 73.60 83.90 OK
r-devel-linux-x86_64-debian-gcc 0.2.1 8.32 57.17 65.49 OK
r-devel-linux-x86_64-fedora-clang 0.2.1 98.52 NOTE
r-devel-linux-x86_64-fedora-gcc 0.2.1 95.88 NOTE
r-devel-windows-ix86+x86_64 0.2.1 23.00 185.00 208.00 OK
r-patched-linux-x86_64 0.2.1 11.63 72.59 84.22 OK
r-patched-solaris-x86 0.2.1 138.90 WARN
r-release-linux-x86_64 0.2.1 10.68 73.31 83.99 OK
r-release-windows-ix86+x86_64 0.2.1 17.00 194.00 211.00 OK
r-release-osx-x86_64 0.2.1 NOTE
r-oldrel-windows-ix86+x86_64 0.2.1 9.00 175.00 184.00 OK
r-oldrel-osx-x86_64 0.2.1 NOTE

Check Details

Version: 0.2.1
Check: data for non-ASCII characters
Result: NOTE
     Note: found 1 marked UTF-8 string
Flavors: r-devel-linux-x86_64-fedora-clang, r-devel-linux-x86_64-fedora-gcc, r-patched-solaris-x86, r-release-osx-x86_64, r-oldrel-osx-x86_64

Version: 0.2.1
Check: re-building of vignette outputs
Result: WARN
    Error(s) in re-building vignettes:
     ...
    --- re-building ‘chamber.Rmd’ using rmarkdown
    Warning in engine$weave(file, quiet = quiet, encoding = enc) :
     Pandoc (>= 1.12.3) and/or pandoc-citeproc not available. Falling back to R Markdown v1.
    Quitting from lines 44-45 (chamber.Rmd)
    Error: processing vignette 'chamber.Rmd' failed with diagnostics:
    Timeout was reached: Resolving timed out after 10000 milliseconds
    --- failed re-building ‘chamber.Rmd’
    
    --- re-building ‘senate.Rmd’ using rmarkdown
    Warning in engine$weave(file, quiet = quiet, encoding = enc) :
     Pandoc (>= 1.12.3) and/or pandoc-citeproc not available. Falling back to R Markdown v1.
    Loading required package: dplyr
    
    Attaching package: 'dplyr'
    
    The following objects are masked from 'package:stats':
    
     filter, lag
    
    The following objects are masked from 'package:base':
    
     intersect, setdiff, setequal, union
    
    --- finished re-building ‘senate.Rmd’
    
    SUMMARY: processing the following file failed:
     ‘chamber.Rmd’
    
    Error: Vignette re-building failed.
    Execution halted
Flavor: r-patched-solaris-x86