Last updated on 2023-06-07 22:02:39 CEST.
Flavor | Version | Tinstall | Tcheck | Ttotal | Status | Flags |
---|---|---|---|---|---|---|
r-devel-linux-x86_64-debian-clang | 1.0.4 | 7.99 | 59.80 | 67.79 | OK | |
r-devel-linux-x86_64-debian-gcc | 1.0.4 | 5.88 | 44.22 | 50.10 | OK | |
r-devel-linux-x86_64-fedora-clang | 1.0.4 | 86.29 | NOTE | |||
r-devel-linux-x86_64-fedora-gcc | 1.0.4 | 78.00 | NOTE | |||
r-devel-windows-x86_64 | 1.0.4 | 8.00 | 63.00 | 71.00 | OK | |
r-patched-linux-x86_64 | 1.0.4 | 5.82 | 55.20 | 61.02 | OK | |
r-release-linux-x86_64 | 1.0.4 | 6.55 | 55.83 | 62.38 | OK | |
r-release-macos-arm64 | 1.0.4 | 33.00 | OK | |||
r-release-macos-x86_64 | 1.0.4 | 43.00 | OK | |||
r-release-windows-x86_64 | 1.0.4 | 10.00 | 72.00 | 82.00 | OK | |
r-oldrel-macos-arm64 | 1.0.4 | 29.00 | NOTE | |||
r-oldrel-macos-x86_64 | 1.0.4 | 67.00 | NOTE | |||
r-oldrel-windows-x86_64 | 1.0.4 | 10.00 | 75.00 | 85.00 | OK |
Version: 1.0.4
Check: dependencies in R code
Result: NOTE
Namespaces in Imports field not imported from:
‘scales’ ‘sna’
All declared Imports should be used.
Flavors: r-devel-linux-x86_64-fedora-clang, r-devel-linux-x86_64-fedora-gcc, r-oldrel-macos-arm64, r-oldrel-macos-x86_64
Version: 1.0.4
Check: data for non-ASCII characters
Result: NOTE
Note: found 244 marked UTF-8 strings
Flavors: r-devel-linux-x86_64-fedora-clang, r-devel-linux-x86_64-fedora-gcc, r-oldrel-macos-arm64, r-oldrel-macos-x86_64