CRAN Package Check Results for Package conserveR

Last updated on 2024-06-13 22:49:23 CEST.

Flavor Version Tinstall Tcheck Ttotal Status Flags
r-devel-linux-x86_64-debian-clang 1.0.4 7.59 62.69 70.28 OK
r-devel-linux-x86_64-debian-gcc 1.0.4 0.35 1.57 1.92 ERROR
r-devel-linux-x86_64-fedora-clang 1.0.4 87.23 NOTE
r-devel-linux-x86_64-fedora-gcc 1.0.4 85.49 NOTE
r-devel-windows-x86_64 1.0.4 7.00 64.00 71.00 OK
r-patched-linux-x86_64 1.0.4 7.08 59.55 66.63 OK
r-release-linux-x86_64 1.0.4 7.06 59.27 66.33 OK
r-release-macos-arm64 1.0.4 29.00 OK
r-release-macos-x86_64 1.0.4 40.00 OK
r-release-windows-x86_64 1.0.4 8.00 64.00 72.00 OK
r-oldrel-macos-arm64 1.0.4 33.00 OK
r-oldrel-macos-x86_64 1.0.4 43.00 OK
r-oldrel-windows-x86_64 1.0.4 9.00 75.00 84.00 OK

Check Details

Version: 1.0.4
Check: package dependencies
Result: ERROR Packages required but not available: 'cowplot', 'GGally', 'ggplot2', 'ggrepel', 'network', 'sna' See section ‘The DESCRIPTION file’ in the ‘Writing R Extensions’ manual. Flavor: r-devel-linux-x86_64-debian-gcc

Version: 1.0.4
Check: dependencies in R code
Result: NOTE Namespaces in Imports field not imported from: ‘scales’ ‘sna’ All declared Imports should be used. Flavors: r-devel-linux-x86_64-fedora-clang, r-devel-linux-x86_64-fedora-gcc

Version: 1.0.4
Check: data for non-ASCII characters
Result: NOTE Note: found 244 marked UTF-8 strings Flavors: r-devel-linux-x86_64-fedora-clang, r-devel-linux-x86_64-fedora-gcc