Last updated on 2024-05-03 22:53:09 CEST.
Flavor | Version | Tinstall | Tcheck | Ttotal | Status | Flags |
---|---|---|---|---|---|---|
r-devel-linux-x86_64-debian-clang | 0.0.3 | 2.39 | 33.75 | 36.14 | ERROR | |
r-devel-linux-x86_64-fedora-clang | 0.0.3 | 48.63 | OK | |||
r-devel-linux-x86_64-fedora-gcc | 0.0.3 | 60.68 | OK | |||
r-devel-windows-x86_64 | 0.0.3 | 4.00 | 53.00 | 57.00 | OK | |
r-patched-linux-x86_64 | 0.0.3 | 2.47 | 33.96 | 36.43 | OK | |
r-release-linux-x86_64 | 0.0.3 | 2.19 | 32.41 | 34.60 | ERROR | |
r-release-macos-arm64 | 0.0.3 | 29.00 | OK | |||
r-release-windows-x86_64 | 0.0.3 | 4.00 | 51.00 | 55.00 | OK | |
r-oldrel-macos-arm64 | 0.0.3 | 33.00 | OK | |||
r-oldrel-macos-x86_64 | 0.0.3 | 52.00 | OK | |||
r-oldrel-windows-x86_64 | 0.0.3 | 4.00 | 50.00 | 54.00 | OK |
Version: 0.0.3
Check: re-building of vignette outputs
Result: ERROR
Error(s) in re-building vignettes:
...
--- re-building ‘cookies.Rmd’ using rmarkdown
Quitting from lines at lines 121-128 [unnamed-chunk-11] (cookies.Rmd)
Error: processing vignette 'cookies.Rmd' failed with diagnostics:
Failed to perform HTTP request.
Caused by error in `curl::curl_fetch_memory()`:
! Failed writing received data to disk/application
--- failed re-building ‘cookies.Rmd’
SUMMARY: processing the following file failed:
‘cookies.Rmd’
Error: Vignette re-building failed.
Execution halted
Flavors: r-devel-linux-x86_64-debian-clang, r-release-linux-x86_64