Last updated on 2023-03-20 22:55:26 CET.
Flavor | Version | Tinstall | Tcheck | Ttotal | Status | Flags |
---|---|---|---|---|---|---|
r-devel-linux-x86_64-debian-clang | 1.1-2 | OK | ||||
r-devel-linux-x86_64-debian-gcc | 1.1-2 | 39.33 | 671.90 | 711.23 | OK | |
r-devel-linux-x86_64-fedora-clang | 1.1-2 | 1225.12 | NOTE | |||
r-devel-linux-x86_64-fedora-gcc | 1.1-2 | 1144.81 | OK | |||
r-devel-windows-x86_64 | 1.1-2 | 248.00 | 523.00 | 771.00 | NOTE | --no-vignettes |
r-patched-linux-x86_64 | 1.1-2 | 57.29 | 859.34 | 916.63 | OK | |
r-release-linux-x86_64 | 1.1-2 | 54.66 | 841.46 | 896.12 | OK | |
r-release-macos-arm64 | 1.1-2 | 315.00 | NOTE | |||
r-release-macos-x86_64 | 1.1-2 | 386.00 | NOTE | |||
r-release-windows-x86_64 | 1.1-2 | 272.00 | 506.00 | 778.00 | NOTE | --no-vignettes |
r-oldrel-macos-arm64 | 1.1-2 | 288.00 | NOTE | |||
r-oldrel-macos-x86_64 | 1.1-2 | 392.00 | NOTE | |||
r-oldrel-windows-ix86+x86_64 | 1.1-2 | 110.00 | 822.00 | 932.00 | NOTE | --no-vignettes |
Version: 1.1-2
Check: installed package size
Result: NOTE
installed size is 7.7Mb
sub-directories of 1Mb or more:
R 2.2Mb
doc 3.5Mb
Flavors: r-devel-linux-x86_64-fedora-clang, r-release-macos-arm64, r-release-macos-x86_64, r-oldrel-macos-arm64, r-oldrel-macos-x86_64
Version: 1.1-2
Flags: --no-vignettes
Check: installed package size
Result: NOTE
installed size is 7.5Mb
sub-directories of 1Mb or more:
R 2.1Mb
doc 3.4Mb
Flavors: r-devel-windows-x86_64, r-release-windows-x86_64, r-oldrel-windows-ix86+x86_64