Last updated on 2024-04-16 22:55:22 CEST.
Flavor | Version | Tinstall | Tcheck | Ttotal | Status | Flags |
---|---|---|---|---|---|---|
r-devel-linux-x86_64-debian-clang | 1.1-3 | 55.58 | 946.77 | 1002.35 | OK | |
r-devel-linux-x86_64-debian-gcc | 1.1-3 | 42.65 | 666.69 | 709.34 | OK | |
r-devel-linux-x86_64-fedora-clang | 1.1-3 | 1213.27 | NOTE | |||
r-devel-linux-x86_64-fedora-gcc | 1.1-3 | 1163.25 | OK | |||
r-prerel-macos-arm64 | 1.1-3 | 311.00 | NOTE | |||
r-prerel-windows-x86_64 | 1.1-3 | 50.00 | 403.00 | 453.00 | NOTE | --no-vignettes |
r-patched-linux-x86_64 | 1.1-3 | 65.76 | 898.26 | 964.02 | OK | |
r-release-linux-x86_64 | 1.1-3 | 46.50 | 895.22 | 941.72 | OK | |
r-release-macos-arm64 | 1.1-3 | 346.00 | NOTE | |||
r-release-macos-x86_64 | 1.1-3 | 732.00 | NOTE | |||
r-release-windows-x86_64 | 1.1-3 | 68.00 | 470.00 | 538.00 | NOTE | --no-vignettes |
r-oldrel-macos-arm64 | 1.1-3 | 374.00 | NOTE | |||
r-oldrel-windows-x86_64 | 1.1-3 | 70.00 | 417.00 | 487.00 | NOTE | --no-vignettes |
Version: 1.1-3
Check: installed package size
Result: NOTE
installed size is 7.8Mb
sub-directories of 1Mb or more:
R 2.1Mb
doc 3.5Mb
Flavors: r-devel-linux-x86_64-fedora-clang, r-prerel-macos-arm64, r-release-macos-arm64, r-release-macos-x86_64, r-oldrel-macos-arm64
Version: 1.1-3
Flags: --no-vignettes
Check: installed package size
Result: NOTE
installed size is 7.6Mb
sub-directories of 1Mb or more:
R 2.1Mb
doc 3.5Mb
Flavors: r-prerel-windows-x86_64, r-release-windows-x86_64, r-oldrel-windows-x86_64