Last updated on 2023-01-28 22:55:09 CET.
Flavor | Version | Tinstall | Tcheck | Ttotal | Status | Flags |
---|---|---|---|---|---|---|
r-devel-linux-x86_64-debian-clang | 0.8.6 | 3.72 | 47.88 | 51.60 | OK | |
r-devel-linux-x86_64-debian-gcc | 0.8.6 | 3.10 | 35.67 | 38.77 | OK | |
r-devel-linux-x86_64-fedora-clang | 0.8.6 | 63.90 | NOTE | |||
r-devel-linux-x86_64-fedora-gcc | 0.8.6 | 62.63 | NOTE | |||
r-devel-windows-x86_64 | 0.8.6 | 100.00 | 80.00 | 180.00 | OK | |
r-patched-linux-x86_64 | 0.8.6 | 4.84 | 44.42 | 49.26 | OK | |
r-release-linux-x86_64 | 0.8.6 | 4.16 | 45.65 | 49.81 | OK | |
r-release-macos-arm64 | 0.8.6 | 20.00 | NOTE | |||
r-release-macos-x86_64 | 0.8.6 | 33.00 | NOTE | |||
r-release-windows-x86_64 | 0.8.6 | 203.00 | 76.00 | 279.00 | OK | |
r-oldrel-macos-arm64 | 0.8.6 | 19.00 | NOTE | |||
r-oldrel-macos-x86_64 | 0.8.6 | 31.00 | NOTE | |||
r-oldrel-windows-ix86+x86_64 | 0.8.6 | 12.00 | 69.00 | 81.00 | OK |
Version: 0.8.6
Check: dependencies in R code
Result: NOTE
Namespaces in Imports field not imported from:
‘RColorBrewer’ ‘ggplot2’ ‘re2’ ‘rmarkdown’ ‘shinyWidgets’
‘shinydashboard’ ‘shinyjs’
All declared Imports should be used.
Flavors: r-devel-linux-x86_64-fedora-clang, r-devel-linux-x86_64-fedora-gcc, r-release-macos-arm64, r-release-macos-x86_64, r-oldrel-macos-arm64, r-oldrel-macos-x86_64