Last updated on 2021-04-12 22:50:58 CEST.
Flavor | Version | Tinstall | Tcheck | Ttotal | Status | Flags |
---|---|---|---|---|---|---|
r-devel-linux-x86_64-debian-clang | 1.2.1 | 28.33 | 83.05 | 111.38 | NOTE | |
r-devel-linux-x86_64-debian-gcc | 1.2.1 | 17.52 | 59.57 | 77.09 | NOTE | |
r-devel-linux-x86_64-fedora-clang | 1.2.1 | 147.40 | NOTE | |||
r-devel-linux-x86_64-fedora-gcc | 1.2.1 | 123.77 | NOTE | |||
r-devel-windows-x86_64-gcc10-UCRT | 1.2.1 | NOTE | ||||
r-patched-linux-x86_64 | 1.2.1 | 20.74 | 74.13 | 94.87 | OK | |
r-patched-solaris-x86 | 1.2.1 | 173.80 | NOTE | |||
r-release-linux-x86_64 | 1.2.1 | 22.21 | 74.22 | 96.43 | OK | |
r-release-macos-x86_64 | 1.2.1 | NOTE | ||||
r-release-windows-ix86+x86_64 | 1.1.0 | 41.00 | 136.00 | 177.00 | NOTE | |
r-oldrel-macos-x86_64 | 1.2.1 | NOTE | ||||
r-oldrel-windows-ix86+x86_64 | 1.1.0 | 53.00 | 136.00 | 189.00 | NOTE |
Version: 1.2.1
Check: LazyData
Result: NOTE
'LazyData' is specified without a 'data' directory
Flavors: r-devel-linux-x86_64-debian-clang, r-devel-linux-x86_64-debian-gcc, r-devel-linux-x86_64-fedora-clang, r-devel-linux-x86_64-fedora-gcc, r-devel-windows-x86_64-gcc10-UCRT
Version: 1.2.1
Check: installed package size
Result: NOTE
installed size is 5.1Mb
sub-directories of 1Mb or more:
extdata 3.8Mb
Flavors: r-devel-linux-x86_64-fedora-clang, r-release-macos-x86_64
Version: 1.2.1
Check: dependencies in R code
Result: NOTE
Namespace in Imports field not imported from: ‘data.table’
All declared Imports should be used.
Flavors: r-devel-linux-x86_64-fedora-clang, r-devel-linux-x86_64-fedora-gcc, r-devel-windows-x86_64-gcc10-UCRT, r-patched-solaris-x86, r-release-macos-x86_64, r-oldrel-macos-x86_64
Version: 1.1.0
Check: installed package size
Result: NOTE
installed size is 5.6Mb
sub-directories of 1Mb or more:
extdata 3.2Mb
libs 2.0Mb
Flavors: r-release-windows-ix86+x86_64, r-oldrel-windows-ix86+x86_64