Last updated on 2024-04-19 22:55:41 CEST.
Flavor | Version | Tinstall | Tcheck | Ttotal | Status | Flags |
---|---|---|---|---|---|---|
r-devel-linux-x86_64-debian-clang | 0.92 | 3.16 | 87.18 | 90.34 | OK | |
r-devel-linux-x86_64-debian-gcc | 0.92 | OK | ||||
r-devel-linux-x86_64-fedora-clang | 0.92 | 122.32 | NOTE | |||
r-devel-linux-x86_64-fedora-gcc | 0.92 | 130.01 | OK | |||
r-prerel-macos-arm64 | 0.92 | 35.00 | OK | |||
r-prerel-windows-x86_64 | 0.92 | 5.00 | 65.00 | 70.00 | OK | |
r-patched-linux-x86_64 | 0.92 | 3.27 | 83.00 | 86.27 | OK | |
r-release-linux-x86_64 | 0.92 | 3.53 | 81.41 | 84.94 | OK | |
r-release-macos-arm64 | 0.92 | 39.00 | OK | |||
r-release-macos-x86_64 | 0.92 | 52.00 | OK | |||
r-release-windows-x86_64 | 0.92 | 5.00 | 74.00 | 79.00 | OK | |
r-oldrel-macos-arm64 | 0.92 | 32.00 | OK | |||
r-oldrel-windows-x86_64 | 0.92 | 6.00 | 74.00 | 80.00 | OK |
Version: 0.92
Check: installed package size
Result: NOTE
installed size is 5.0Mb
sub-directories of 1Mb or more:
doc 4.8Mb
Flavor: r-devel-linux-x86_64-fedora-clang