Last updated on 2025-01-19 22:49:09 CET.
Flavor | Version | Tinstall | Tcheck | Ttotal | Status | Flags |
---|---|---|---|---|---|---|
r-devel-linux-x86_64-debian-clang | 0.9.1 | 2.49 | 78.59 | 81.08 | OK | |
r-devel-linux-x86_64-debian-gcc | 0.9.1 | 1.82 | 54.47 | 56.29 | OK | |
r-devel-linux-x86_64-fedora-clang | 0.9.1 | 150.90 | NOTE | |||
r-devel-linux-x86_64-fedora-gcc | 0.9.1 | 152.89 | NOTE | |||
r-devel-windows-x86_64 | 0.9.1 | 5.00 | 95.00 | 100.00 | OK | |
r-patched-linux-x86_64 | 0.9.1 | 1.99 | 83.11 | 85.10 | NOTE | |
r-release-linux-x86_64 | 0.9.1 | 2.26 | 84.70 | 86.96 | NOTE | |
r-release-macos-arm64 | 0.9.1 | 49.00 | NOTE | |||
r-release-macos-x86_64 | 0.9.1 | 94.00 | NOTE | |||
r-release-windows-x86_64 | 0.9.1 | 4.00 | 110.00 | 114.00 | NOTE | |
r-oldrel-macos-arm64 | 0.9.1 | 50.00 | NOTE | |||
r-oldrel-macos-x86_64 | 0.9.1 | 70.00 | NOTE | |||
r-oldrel-windows-x86_64 | 0.9.1 | 5.00 | 120.00 | 125.00 | NOTE |
Version: 0.9.1
Check: dependencies in R code
Result: NOTE
Namespace in Imports field not imported from: ‘jpeg’
All declared Imports should be used.
Flavors: r-devel-linux-x86_64-fedora-clang, r-devel-linux-x86_64-fedora-gcc
Version: 0.9.1
Check: LazyData
Result: NOTE
'LazyData' is specified without a 'data' directory
Flavors: r-patched-linux-x86_64, r-release-linux-x86_64, r-release-macos-arm64, r-release-macos-x86_64, r-release-windows-x86_64, r-oldrel-macos-arm64, r-oldrel-macos-x86_64, r-oldrel-windows-x86_64