Last updated on 2023-11-27 23:11:33 CET.
Flavor | Version | Tinstall | Tcheck | Ttotal | Status | Flags |
---|---|---|---|---|---|---|
r-devel-linux-x86_64-debian-clang | 0.4.4 | 30.74 | 33.18 | 63.92 | NOTE | |
r-devel-linux-x86_64-debian-gcc | 0.4.4 | 23.34 | 27.76 | 51.10 | NOTE | |
r-devel-linux-x86_64-fedora-clang | 0.4.4 | 79.08 | NOTE | |||
r-devel-linux-x86_64-fedora-gcc | 0.4.4 | 91.74 | NOTE | |||
r-devel-windows-x86_64 | 0.4.4 | 29.00 | 67.00 | 96.00 | NOTE | |
r-patched-linux-x86_64 | 0.4.4 | 27.69 | 33.93 | 61.62 | NOTE | |
r-release-linux-x86_64 | 0.4.4 | 25.52 | 33.87 | 59.39 | NOTE | |
r-release-macos-arm64 | 0.4.4 | 32.00 | NOTE | |||
r-release-macos-x86_64 | 0.4.4 | 45.00 | NOTE | |||
r-release-windows-x86_64 | 0.4.4 | 37.00 | 75.00 | 112.00 | NOTE | |
r-oldrel-macos-arm64 | 0.4.4 | 30.00 | NOTE | |||
r-oldrel-macos-x86_64 | 0.4.4 | 42.00 | NOTE | |||
r-oldrel-windows-x86_64 | 0.4.4 | 28.00 | 73.00 | 101.00 | NOTE |
Version: 0.4.4
Check: LazyData
Result: NOTE
'LazyData' is specified without a 'data' directory
Flavors: r-devel-linux-x86_64-debian-clang, r-devel-linux-x86_64-debian-gcc, r-devel-linux-x86_64-fedora-clang, r-devel-linux-x86_64-fedora-gcc, r-devel-windows-x86_64, r-patched-linux-x86_64, r-release-linux-x86_64, r-release-macos-arm64, r-release-macos-x86_64, r-release-windows-x86_64, r-oldrel-macos-arm64, r-oldrel-macos-x86_64, r-oldrel-windows-x86_64
Version: 0.4.4
Check: installed package size
Result: NOTE
installed size is 9.8Mb
sub-directories of 1Mb or more:
libs 9.2Mb
Flavors: r-release-macos-arm64, r-release-macos-x86_64, r-oldrel-macos-arm64, r-oldrel-macos-x86_64
Version: 0.4.4
Check: package dependencies
Result: NOTE
Package suggested but not available for checking: ‘rjags’
Flavor: r-oldrel-macos-x86_64
Version: 0.4.4
Check: Rd cross-references
Result: NOTE
Package unavailable to check Rd xrefs: ‘rjags’
Flavor: r-oldrel-macos-x86_64