Last updated on 2023-02-05 22:59:16 CET.
Flavor | Version | Tinstall | Tcheck | Ttotal | Status | Flags |
---|---|---|---|---|---|---|
r-devel-linux-x86_64-debian-clang | 1.0.2 | 4.05 | 322.16 | 326.21 | OK | |
r-devel-linux-x86_64-debian-gcc | 1.0.2 | 3.11 | 217.77 | 220.88 | OK | |
r-devel-linux-x86_64-fedora-clang | 1.0.2 | 389.28 | NOTE | |||
r-devel-linux-x86_64-fedora-gcc | 1.0.2 | 383.26 | NOTE | |||
r-devel-windows-x86_64 | 1.0.2 | 24.00 | 374.00 | 398.00 | OK | |
r-patched-linux-x86_64 | 1.0.2 | 3.29 | 282.56 | 285.85 | OK | |
r-release-linux-x86_64 | 1.0.2 | 2.47 | 266.32 | 268.79 | OK | |
r-release-macos-arm64 | 1.0.2 | 113.00 | NOTE | |||
r-release-macos-x86_64 | 1.0.2 | 157.00 | NOTE | |||
r-release-windows-x86_64 | 1.0.2 | 52.00 | 366.00 | 418.00 | OK | |
r-oldrel-macos-arm64 | 1.0.2 | 102.00 | NOTE | |||
r-oldrel-macos-x86_64 | 1.0.2 | 167.00 | NOTE | |||
r-oldrel-windows-ix86+x86_64 | 1.0.2 | 10.00 | 348.00 | 358.00 | OK |
Version: 1.0.2
Check: dependencies in R code
Result: NOTE
Namespace in Imports field not imported from: ‘colourpicker’
All declared Imports should be used.
Flavors: r-devel-linux-x86_64-fedora-clang, r-devel-linux-x86_64-fedora-gcc, r-release-macos-arm64, r-release-macos-x86_64, r-oldrel-macos-arm64, r-oldrel-macos-x86_64