CRAN Package Check Results for Package covequal

Last updated on 2024-04-15 23:09:59 CEST.

Flavor Version Tinstall Tcheck Ttotal Status Flags
r-devel-linux-x86_64-debian-clang 0.1.0 2.17 24.76 26.93 NOTE
r-devel-linux-x86_64-debian-gcc 0.1.0 1.52 19.28 20.80 NOTE
r-devel-linux-x86_64-fedora-clang 0.1.0 33.47 NOTE
r-devel-linux-x86_64-fedora-gcc 0.1.0 32.32 NOTE
r-prerel-macos-arm64 0.1.0 17.00 NOTE
r-prerel-windows-x86_64 0.1.0 3.00 44.00 47.00 NOTE
r-patched-linux-x86_64 0.1.0 1.99 23.94 25.93 NOTE
r-release-linux-x86_64 0.1.0 2.16 24.20 26.36 NOTE
r-release-macos-arm64 0.1.0 17.00 NOTE
r-release-macos-x86_64 0.1.0 23.00 NOTE
r-release-windows-x86_64 0.1.0 2.00 43.00 45.00 NOTE
r-oldrel-macos-arm64 0.1.0 20.00 NOTE
r-oldrel-windows-x86_64 0.1.0 4.00 50.00 54.00 NOTE

Check Details

Version: 0.1.0
Check: LazyData
Result: NOTE 'LazyData' is specified without a 'data' directory Flavors: r-devel-linux-x86_64-debian-clang, r-devel-linux-x86_64-debian-gcc, r-devel-linux-x86_64-fedora-clang, r-devel-linux-x86_64-fedora-gcc, r-prerel-macos-arm64, r-prerel-windows-x86_64, r-patched-linux-x86_64, r-release-linux-x86_64, r-release-macos-arm64, r-release-macos-x86_64, r-release-windows-x86_64, r-oldrel-macos-arm64, r-oldrel-windows-x86_64