Last updated on 2024-04-19 22:55:41 CEST.
Flavor | Version | Tinstall | Tcheck | Ttotal | Status | Flags |
---|---|---|---|---|---|---|
r-devel-linux-x86_64-debian-clang | 2.1.3.3 | 19.32 | 418.88 | 438.20 | OK | |
r-devel-linux-x86_64-debian-gcc | 2.1.3.3 | OK | ||||
r-devel-linux-x86_64-fedora-clang | 2.1.3.3 | 498.78 | NOTE | |||
r-devel-linux-x86_64-fedora-gcc | 2.1.3.3 | 488.64 | OK | |||
r-prerel-macos-arm64 | 2.1.3.3 | 139.00 | NOTE | |||
r-prerel-windows-x86_64 | 2.1.3.3 | 14.00 | 254.00 | 268.00 | NOTE | |
r-patched-linux-x86_64 | 2.1.3.3 | 14.63 | 386.06 | 400.69 | OK | |
r-release-linux-x86_64 | 2.1.3.3 | 15.72 | 392.57 | 408.29 | OK | |
r-release-macos-arm64 | 2.1.3.3 | 136.00 | NOTE | |||
r-release-macos-x86_64 | 2.1.3.3 | 269.00 | NOTE | |||
r-release-windows-x86_64 | 2.1.3.3 | 19.00 | 326.00 | 345.00 | NOTE | |
r-oldrel-macos-arm64 | 2.1.3.3 | 136.00 | NOTE | |||
r-oldrel-windows-x86_64 | 2.1.3.3 | 20.00 | 309.00 | 329.00 | NOTE |
Version: 2.1.3.3
Check: installed package size
Result: NOTE
installed size is 5.1Mb
sub-directories of 1Mb or more:
doc 1.6Mb
extdata 2.7Mb
Flavors: r-devel-linux-x86_64-fedora-clang, r-prerel-macos-arm64, r-prerel-windows-x86_64, r-release-macos-arm64, r-release-macos-x86_64, r-release-windows-x86_64, r-oldrel-macos-arm64, r-oldrel-windows-x86_64