Last updated on 2023-01-28 22:55:09 CET.
Flavor | Version | Tinstall | Tcheck | Ttotal | Status | Flags |
---|---|---|---|---|---|---|
r-devel-linux-x86_64-debian-clang | 2.1.3 | 13.93 | 395.26 | 409.19 | OK | |
r-devel-linux-x86_64-debian-gcc | 2.1.3 | 12.48 | 260.70 | 273.18 | OK | |
r-devel-linux-x86_64-fedora-clang | 2.1.3 | 481.76 | NOTE | |||
r-devel-linux-x86_64-fedora-gcc | 2.1.3 | 478.25 | OK | |||
r-devel-windows-x86_64 | 2.1.3 | 220.00 | 369.00 | 589.00 | NOTE | |
r-patched-linux-x86_64 | 2.1.3 | 15.02 | 373.65 | 388.67 | OK | |
r-release-linux-x86_64 | 2.1.3 | 13.35 | 369.48 | 382.83 | OK | |
r-release-macos-arm64 | 2.1.3 | 115.00 | NOTE | |||
r-release-macos-x86_64 | 2.1.3 | 151.00 | NOTE | |||
r-release-windows-x86_64 | 2.1.3 | 302.00 | 386.00 | 688.00 | NOTE | |
r-oldrel-macos-arm64 | 2.1.3 | 97.00 | NOTE | |||
r-oldrel-macos-x86_64 | 2.1.3 | 156.00 | NOTE | |||
r-oldrel-windows-ix86+x86_64 | 2.1.3 | 33.00 | 626.00 | 659.00 | NOTE |
Version: 2.1.3
Check: installed package size
Result: NOTE
installed size is 5.1Mb
sub-directories of 1Mb or more:
doc 1.6Mb
extdata 2.7Mb
Flavors: r-devel-linux-x86_64-fedora-clang, r-devel-windows-x86_64, r-release-macos-arm64, r-release-macos-x86_64, r-release-windows-x86_64, r-oldrel-macos-arm64, r-oldrel-macos-x86_64, r-oldrel-windows-ix86+x86_64