Last updated on 2024-03-27 22:57:42 CET.
Flavor | Version | Tinstall | Tcheck | Ttotal | Status | Flags |
---|---|---|---|---|---|---|
r-devel-linux-x86_64-debian-clang | 0.1.8 | 3.99 | 72.14 | 76.13 | OK | |
r-devel-linux-x86_64-debian-gcc | 0.1.8 | 4.81 | 56.70 | 61.51 | OK | |
r-devel-linux-x86_64-fedora-clang | 0.1.8 | 99.17 | NOTE | |||
r-devel-linux-x86_64-fedora-gcc | 0.1.8 | 94.07 | NOTE | |||
r-devel-windows-x86_64 | 0.1.8 | 7.00 | 79.00 | 86.00 | OK | |
r-patched-linux-x86_64 | 0.1.8 | 4.35 | 69.66 | 74.01 | OK | |
r-release-linux-x86_64 | 0.1.8 | 6.52 | 69.69 | 76.21 | OK | |
r-release-macos-arm64 | 0.1.8 | 52.00 | OK | |||
r-release-macos-x86_64 | 0.1.8 | 76.00 | OK | |||
r-release-windows-x86_64 | 0.1.8 | 8.00 | 87.00 | 95.00 | OK | |
r-oldrel-macos-arm64 | 0.1.8 | 58.00 | OK | |||
r-oldrel-windows-x86_64 | 0.1.8 | 9.00 | 96.00 | 105.00 | OK |
Version: 0.1.8
Check: data for non-ASCII characters
Result: NOTE
Note: found 2385 marked UTF-8 strings
Flavors: r-devel-linux-x86_64-fedora-clang, r-devel-linux-x86_64-fedora-gcc