CRAN Package Check Results for Package covid19sf

Last updated on 2023-12-03 22:57:03 CET.

Flavor Version Tinstall Tcheck Ttotal Status Flags
r-devel-linux-x86_64-debian-clang 0.1.2 5.27 37.87 43.14 OK
r-devel-linux-x86_64-debian-gcc 0.1.2 4.19 29.67 33.86 OK
r-devel-linux-x86_64-fedora-clang 0.1.2 53.70 NOTE
r-devel-linux-x86_64-fedora-gcc 0.1.2 62.58 NOTE
r-devel-windows-x86_64 0.1.2 7.00 55.00 62.00 OK
r-patched-linux-x86_64 0.1.2 4.28 38.69 42.97 OK
r-release-linux-x86_64 0.1.2 3.56 37.63 41.19 OK
r-release-macos-arm64 0.1.2 33.00 OK
r-release-macos-x86_64 0.1.2 41.00 OK
r-release-windows-x86_64 0.1.2 9.00 58.00 67.00 OK
r-oldrel-macos-arm64 0.1.2 23.00 NOTE
r-oldrel-macos-x86_64 0.1.2 40.00 NOTE
r-oldrel-windows-x86_64 0.1.2 9.00 59.00 68.00 OK

Check Details

Version: 0.1.2
Check: dependencies in R code
Result: NOTE Namespaces in Imports field not imported from: ‘mapview’ ‘plotly’ All declared Imports should be used. Flavors: r-devel-linux-x86_64-fedora-clang, r-devel-linux-x86_64-fedora-gcc, r-oldrel-macos-arm64, r-oldrel-macos-x86_64