Last updated on 2024-04-18 22:52:36 CEST.
Flavor | Version | Tinstall | Tcheck | Ttotal | Status | Flags |
---|---|---|---|---|---|---|
r-devel-linux-x86_64-debian-clang | 0.1.4 | 3.67 | 133.46 | 137.13 | NOTE | |
r-devel-linux-x86_64-debian-gcc | 0.1.4 | 3.39 | 92.99 | 96.38 | NOTE | |
r-devel-linux-x86_64-fedora-clang | 0.1.4 | 169.44 | NOTE | |||
r-devel-linux-x86_64-fedora-gcc | 0.1.4 | 179.48 | NOTE | |||
r-prerel-macos-arm64 | 0.1.4 | 53.00 | NOTE | |||
r-prerel-windows-x86_64 | 0.1.4 | 6.00 | 107.00 | 113.00 | OK | |
r-patched-linux-x86_64 | 0.1.4 | 6.16 | 120.20 | 126.36 | NOTE | |
r-release-linux-x86_64 | 0.1.4 | 4.45 | 124.80 | 129.25 | NOTE | |
r-release-macos-arm64 | 0.1.4 | 52.00 | OK | |||
r-release-macos-x86_64 | 0.1.4 | 82.00 | OK | |||
r-release-windows-x86_64 | 0.1.4 | 6.00 | 127.00 | 133.00 | OK | |
r-oldrel-macos-arm64 | 0.1.4 | 40.00 | OK | |||
r-oldrel-windows-x86_64 | 0.1.4 | 7.00 | 125.00 | 132.00 | OK |
Version: 0.1.4
Check: package dependencies
Result: NOTE
Package suggested but not available for checking: ‘BEST’
Flavors: r-devel-linux-x86_64-debian-clang, r-devel-linux-x86_64-debian-gcc, r-devel-linux-x86_64-fedora-clang, r-devel-linux-x86_64-fedora-gcc, r-prerel-macos-arm64, r-patched-linux-x86_64, r-release-linux-x86_64