CRAN Package Check Results for Package cpi

Last updated on 2024-02-24 21:40:17 CET.

Flavor Version Tinstall Tcheck Ttotal Status Flags
r-devel-linux-x86_64-debian-clang 0.1.4 4.37 128.68 133.05 NOTE
r-devel-linux-x86_64-debian-gcc 0.1.4 3.21 92.80 96.01 NOTE
r-devel-linux-x86_64-fedora-clang 0.1.4 157.16 NOTE
r-devel-linux-x86_64-fedora-gcc 0.1.4 171.17 NOTE
r-devel-windows-x86_64 0.1.4 5.00 105.00 110.00 OK
r-patched-linux-x86_64 0.1.4 8.38 125.86 134.24 NOTE
r-release-linux-x86_64 0.1.4 4.05 123.50 127.55 NOTE
r-release-macos-arm64 0.1.4 52.00 OK
r-release-macos-x86_64 0.1.4 82.00 OK
r-release-windows-x86_64 0.1.4 6.00 127.00 133.00 OK
r-oldrel-macos-arm64 0.1.4 40.00 OK
r-oldrel-windows-x86_64 0.1.4 6.00 127.00 133.00 OK

Check Details

Version: 0.1.4
Check: package dependencies
Result: NOTE Package suggested but not available for checking: ‘BEST’ Flavors: r-devel-linux-x86_64-debian-clang, r-devel-linux-x86_64-debian-gcc, r-devel-linux-x86_64-fedora-clang, r-devel-linux-x86_64-fedora-gcc, r-patched-linux-x86_64, r-release-linux-x86_64