Last updated on 2023-02-04 22:54:45 CET.
Flavor | Version | Tinstall | Tcheck | Ttotal | Status | Flags |
---|---|---|---|---|---|---|
r-devel-linux-x86_64-debian-clang | 0.7-10 | 27.89 | 155.08 | 182.97 | WARN | |
r-devel-linux-x86_64-debian-gcc | 0.7-10 | 21.30 | 114.49 | 135.79 | WARN | |
r-devel-linux-x86_64-fedora-clang | 0.7-10 | 225.14 | WARN | |||
r-devel-linux-x86_64-fedora-gcc | 0.7-10 | 243.67 | WARN | |||
r-devel-windows-x86_64 | 0.7-10 | 76.00 | 191.00 | 267.00 | OK | |
r-patched-linux-x86_64 | 0.7-10 | 22.70 | 141.69 | 164.39 | OK | |
r-release-linux-x86_64 | 0.7-10 | 22.76 | 145.84 | 168.60 | OK | |
r-release-macos-arm64 | 0.7-10 | 72.00 | OK | |||
r-release-macos-x86_64 | 0.7-10 | 85.00 | OK | |||
r-release-windows-x86_64 | 0.7-10 | 67.00 | 205.00 | 272.00 | OK | |
r-oldrel-macos-arm64 | 0.7-10 | 64.00 | OK | |||
r-oldrel-macos-x86_64 | 0.7-10 | 88.00 | OK | |||
r-oldrel-windows-ix86+x86_64 | 0.7-10 | 58.00 | 206.00 | 264.00 | OK |
Version: 0.7-10
Check: whether package can be installed
Result: WARN
Found the following significant warnings:
bcplm.c:84:32: warning: a function declaration without a prototype is deprecated in all versions of C [-Wstrict-prototypes]
See ‘/home/hornik/tmp/R.check/r-devel-clang/Work/PKGS/cplm.Rcheck/00install.out’ for details.
* used C compiler: ‘Debian clang version 15.0.6’
Flavor: r-devel-linux-x86_64-debian-clang
Version: 0.7-10
Check: whether package can be installed
Result: WARN
Found the following significant warnings:
bcplm.c:84:22: warning: function declaration isn’t a prototype [-Wstrict-prototypes]
See ‘/home/hornik/tmp/R.check/r-devel-gcc/Work/PKGS/cplm.Rcheck/00install.out’ for details.
* used C compiler: ‘gcc-12 (Debian 12.2.0-14) 12.2.0’
Flavor: r-devel-linux-x86_64-debian-gcc
Version: 0.7-10
Check: whether package can be installed
Result: WARN
Found the following significant warnings:
bcplm.c:84:32: warning: a function declaration without a prototype is deprecated in all versions of C [-Wstrict-prototypes]
See ‘/data/gannet/ripley/R/packages/tests-clang/cplm.Rcheck/00install.out’ for details.
* used C compiler: ‘clang version 15.0.7’
Flavor: r-devel-linux-x86_64-fedora-clang
Version: 0.7-10
Check: whether package can be installed
Result: WARN
Found the following significant warnings:
bcplm.c:84:22: warning: function declaration isn’t a prototype [-Wstrict-prototypes]
See ‘/data/gannet/ripley/R/packages/tests-devel/cplm.Rcheck/00install.out’ for details.
* used C compiler: ‘gcc (GCC) 12.2.1 20221121 (Red Hat 12.2.1-4)’
Flavor: r-devel-linux-x86_64-fedora-gcc