Last updated on 2023-06-06 23:09:50 CEST.
Flavor | Version | Tinstall | Tcheck | Ttotal | Status | Flags |
---|---|---|---|---|---|---|
r-devel-linux-x86_64-debian-clang | 0.4.3 | 2.18 | 136.05 | 138.23 | OK | |
r-devel-linux-x86_64-debian-gcc | 0.4.3 | 1.51 | 93.30 | 94.81 | OK | |
r-devel-linux-x86_64-fedora-clang | 0.4.3 | 212.99 | OK | |||
r-devel-linux-x86_64-fedora-gcc | 0.4.3 | 171.58 | OK | |||
r-devel-windows-x86_64 | 0.4.3 | 11.00 | 150.00 | 161.00 | OK | |
r-patched-linux-x86_64 | 0.4.3 | 2.60 | 111.61 | 114.21 | OK | |
r-release-linux-x86_64 | 0.4.3 | 2.01 | 112.54 | 114.55 | OK | |
r-release-macos-arm64 | 0.4.3 | 65.00 | NOTE | |||
r-release-macos-x86_64 | 0.4.3 | 96.00 | NOTE | |||
r-release-windows-x86_64 | 0.4.3 | 8.00 | 172.00 | 180.00 | OK | |
r-oldrel-macos-arm64 | 0.4.3 | 56.00 | NOTE | |||
r-oldrel-macos-x86_64 | 0.4.3 | 101.00 | OK | |||
r-oldrel-windows-x86_64 | 0.4.3 | 5.00 | 159.00 | 164.00 | OK |
Version: 0.4.3
Check: package dependencies
Result: NOTE
Package suggested but not available for checking: ‘Rcpp’
Flavors: r-release-macos-arm64, r-release-macos-x86_64, r-oldrel-macos-arm64