Last updated on 2023-09-24 22:59:35 CEST.
Flavor | Version | Tinstall | Tcheck | Ttotal | Status | Flags |
---|---|---|---|---|---|---|
r-devel-linux-x86_64-debian-clang | 3.1 | 157.31 | 40.45 | 197.76 | NOTE | |
r-devel-linux-x86_64-debian-gcc | 3.1 | 109.47 | 31.08 | 140.55 | NOTE | |
r-devel-linux-x86_64-fedora-clang | 3.1 | 318.48 | NOTE | |||
r-devel-linux-x86_64-fedora-gcc | 3.1 | 329.28 | NOTE | |||
r-devel-windows-x86_64 | 3.1 | 124.00 | 82.00 | 206.00 | NOTE | |
r-patched-linux-x86_64 | 3.1 | 152.41 | 38.50 | 190.91 | NOTE | |
r-release-linux-x86_64 | 3.1 | 151.09 | 39.85 | 190.94 | NOTE | |
r-release-macos-arm64 | 3.1 | 80.00 | NOTE | |||
r-release-macos-x86_64 | 3.1 | 165.00 | NOTE | |||
r-release-windows-x86_64 | 3.1 | 139.00 | 89.00 | 228.00 | NOTE | |
r-oldrel-macos-arm64 | 3.1 | 64.00 | NOTE | |||
r-oldrel-macos-x86_64 | 3.1 | 91.00 | NOTE | |||
r-oldrel-windows-x86_64 | 3.1 | 168.00 | 84.00 | 252.00 | NOTE |
Version: 3.1
Check: C++ specification
Result: NOTE
Specified C++11: please drop specification unless essential
Flavors: r-devel-linux-x86_64-debian-clang, r-devel-linux-x86_64-debian-gcc, r-devel-linux-x86_64-fedora-clang, r-devel-linux-x86_64-fedora-gcc, r-devel-windows-x86_64, r-patched-linux-x86_64, r-release-linux-x86_64, r-release-macos-arm64, r-release-macos-x86_64, r-release-windows-x86_64
Version: 3.1
Check: for GNU extensions in Makefiles
Result: NOTE
GNU make is a SystemRequirements.
Flavors: r-devel-linux-x86_64-debian-clang, r-devel-linux-x86_64-debian-gcc, r-devel-linux-x86_64-fedora-clang, r-devel-linux-x86_64-fedora-gcc, r-devel-windows-x86_64, r-patched-linux-x86_64, r-release-linux-x86_64, r-release-macos-arm64, r-release-macos-x86_64, r-release-windows-x86_64, r-oldrel-macos-arm64, r-oldrel-macos-x86_64, r-oldrel-windows-x86_64
Version: 3.1
Check: dependencies in R code
Result: NOTE
Namespace in Imports field not imported from: ‘RcppProgress’
All declared Imports should be used.
Flavors: r-devel-linux-x86_64-fedora-clang, r-devel-linux-x86_64-fedora-gcc, r-oldrel-macos-x86_64
Version: 3.1
Check: installed package size
Result: NOTE
installed size is 7.1Mb
sub-directories of 1Mb or more:
libs 6.9Mb
Flavors: r-release-macos-arm64, r-release-macos-x86_64, r-oldrel-macos-arm64, r-oldrel-macos-x86_64