CRAN Package Check Results for Package cppRouting

Last updated on 2024-07-16 22:48:32 CEST.

Flavor Version Tinstall Tcheck Ttotal Status Flags
r-devel-linux-x86_64-debian-clang 3.1 167.59 43.92 211.51 NOTE
r-devel-linux-x86_64-debian-gcc 3.1 113.31 32.20 145.51 NOTE
r-devel-linux-x86_64-fedora-clang 3.1 335.20 NOTE
r-devel-linux-x86_64-fedora-gcc 3.1 334.10 NOTE
r-devel-windows-x86_64 3.1 145.00 82.00 227.00 NOTE
r-patched-linux-x86_64 3.1 130.68 40.17 170.85 NOTE
r-release-linux-x86_64 3.1 134.97 41.80 176.77 NOTE
r-release-macos-arm64 3.1 59.00 NOTE
r-release-macos-x86_64 3.1 71.00 NOTE
r-release-windows-x86_64 3.1 146.00 83.00 229.00 NOTE
r-oldrel-macos-arm64 3.1 80.00 NOTE
r-oldrel-macos-x86_64 3.1 165.00 NOTE
r-oldrel-windows-x86_64 3.1 144.00 93.00 237.00 NOTE

Check Details

Version: 3.1
Check: C++ specification
Result: NOTE Specified C++11: please drop specification unless essential Flavors: r-devel-linux-x86_64-debian-clang, r-devel-linux-x86_64-debian-gcc, r-devel-linux-x86_64-fedora-clang, r-devel-linux-x86_64-fedora-gcc, r-devel-windows-x86_64, r-patched-linux-x86_64, r-release-linux-x86_64, r-release-macos-arm64, r-release-macos-x86_64, r-release-windows-x86_64, r-oldrel-macos-arm64, r-oldrel-macos-x86_64, r-oldrel-windows-x86_64

Version: 3.1
Check: for GNU extensions in Makefiles
Result: NOTE GNU make is a SystemRequirements. Flavors: r-devel-linux-x86_64-debian-clang, r-devel-linux-x86_64-debian-gcc, r-devel-linux-x86_64-fedora-clang, r-devel-linux-x86_64-fedora-gcc, r-devel-windows-x86_64, r-patched-linux-x86_64, r-release-linux-x86_64, r-release-macos-arm64, r-release-macos-x86_64, r-release-windows-x86_64, r-oldrel-macos-arm64, r-oldrel-macos-x86_64, r-oldrel-windows-x86_64

Version: 3.1
Check: dependencies in R code
Result: NOTE Namespace in Imports field not imported from: ‘RcppProgress’ All declared Imports should be used. Flavors: r-devel-linux-x86_64-fedora-clang, r-devel-linux-x86_64-fedora-gcc

Version: 3.1
Check: installed package size
Result: NOTE installed size is 6.8Mb sub-directories of 1Mb or more: libs 6.6Mb Flavors: r-release-macos-arm64, r-release-macos-x86_64, r-oldrel-macos-arm64, r-oldrel-macos-x86_64