Last updated on 2023-01-29 23:03:04 CET.
Flavor | Version | Tinstall | Tcheck | Ttotal | Status | Flags |
---|---|---|---|---|---|---|
r-devel-linux-x86_64-debian-clang | 0.0.1 | 1.32 | 34.55 | 35.87 | NOTE | |
r-devel-linux-x86_64-debian-gcc | 0.0.1 | 1.45 | 26.58 | 28.03 | NOTE | |
r-devel-linux-x86_64-fedora-clang | 0.0.1 | 46.16 | NOTE | |||
r-devel-linux-x86_64-fedora-gcc | 0.0.1 | 56.72 | NOTE | |||
r-devel-windows-x86_64 | 0.0.1 | 12.00 | 65.00 | 77.00 | NOTE | |
r-patched-linux-x86_64 | 0.0.1 | 1.42 | 34.02 | 35.44 | NOTE | |
r-release-linux-x86_64 | 0.0.1 | 1.68 | 34.32 | 36.00 | NOTE | |
r-release-macos-arm64 | 0.0.1 | 22.00 | NOTE | |||
r-release-macos-x86_64 | 0.0.1 | 27.00 | NOTE | |||
r-release-windows-x86_64 | 0.0.1 | 7.00 | 68.00 | 75.00 | NOTE | |
r-oldrel-macos-arm64 | 0.0.1 | 25.00 | NOTE | |||
r-oldrel-macos-x86_64 | 0.0.1 | 35.00 | NOTE | |||
r-oldrel-windows-ix86+x86_64 | 0.0.1 | 5.00 | 65.00 | 70.00 | NOTE |
Version: 0.0.1
Check: LazyData
Result: NOTE
'LazyData' is specified without a 'data' directory
Flavors: r-devel-linux-x86_64-debian-clang, r-devel-linux-x86_64-debian-gcc, r-devel-linux-x86_64-fedora-clang, r-devel-linux-x86_64-fedora-gcc, r-devel-windows-x86_64, r-patched-linux-x86_64, r-release-linux-x86_64, r-release-macos-arm64, r-release-macos-x86_64, r-release-windows-x86_64, r-oldrel-macos-arm64, r-oldrel-macos-x86_64, r-oldrel-windows-ix86+x86_64