Last updated on 2024-03-27 22:57:42 CET.
Flavor | Version | Tinstall | Tcheck | Ttotal | Status | Flags |
---|---|---|---|---|---|---|
r-devel-linux-x86_64-debian-clang | 0.3.6 | 76.77 | 538.04 | 614.81 | OK | |
r-devel-linux-x86_64-debian-gcc | 0.3.6 | 59.84 | 394.53 | 454.37 | OK | |
r-devel-linux-x86_64-fedora-clang | 0.3.6 | 692.39 | OK | |||
r-devel-linux-x86_64-fedora-gcc | 0.3.6 | 754.21 | OK | |||
r-devel-windows-x86_64 | 0.3.6 | 60.00 | 562.00 | 622.00 | OK | |
r-patched-linux-x86_64 | 0.3.6 | 72.72 | 517.82 | 590.54 | OK | |
r-release-linux-x86_64 | 0.3.6 | 70.23 | 516.45 | 586.68 | OK | |
r-release-macos-arm64 | 0.3.6 | 221.00 | NOTE | |||
r-release-macos-x86_64 | 0.3.6 | 475.00 | NOTE | |||
r-release-windows-x86_64 | 0.3.6 | 77.00 | 639.00 | 716.00 | OK | |
r-oldrel-macos-arm64 | 0.3.6 | 226.00 | NOTE | |||
r-oldrel-windows-x86_64 | 0.3.6 | 59.00 | 664.00 | 723.00 | OK |
Version: 0.3.6
Check: installed package size
Result: NOTE
installed size is 8.7Mb
sub-directories of 1Mb or more:
data 1.2Mb
doc 2.2Mb
libs 5.2Mb
Flavors: r-release-macos-arm64, r-release-macos-x86_64, r-oldrel-macos-arm64