Last updated on 2023-06-09 22:58:24 CEST.
Flavor | Version | Tinstall | Tcheck | Ttotal | Status | Flags |
---|---|---|---|---|---|---|
r-devel-linux-x86_64-debian-clang | 1.3.1 | 32.48 | 658.56 | 691.04 | NOTE | |
r-devel-linux-x86_64-debian-gcc | 1.3.1 | 27.45 | 390.13 | 417.58 | NOTE | |
r-devel-linux-x86_64-fedora-clang | 1.3.1 | 719.79 | NOTE | |||
r-devel-linux-x86_64-fedora-gcc | 1.3.1 | 602.98 | NOTE | |||
r-devel-windows-x86_64 | 1.3.1 | 27.00 | 383.00 | 410.00 | NOTE | |
r-patched-linux-x86_64 | 1.3.1 | 32.60 | 490.88 | 523.48 | NOTE | |
r-release-linux-x86_64 | 1.3.1 | 33.48 | 498.78 | 532.26 | NOTE | |
r-release-macos-arm64 | 1.3.1 | 179.00 | NOTE | |||
r-release-macos-x86_64 | 1.3.1 | 319.00 | NOTE | |||
r-release-windows-x86_64 | 1.3.1 | 38.00 | 456.00 | 494.00 | NOTE | |
r-oldrel-macos-arm64 | 1.3.1 | 132.00 | OK | |||
r-oldrel-macos-x86_64 | 1.3.1 | 234.00 | OK | |||
r-oldrel-windows-x86_64 | 1.3.1 | 36.00 | 424.00 | 460.00 | OK |
Version: 1.3.1
Check: package subdirectories
Result: NOTE
Problems with news in ‘NEWS.md’:
No news entries found.
Flavors: r-devel-linux-x86_64-debian-clang, r-devel-linux-x86_64-debian-gcc, r-devel-linux-x86_64-fedora-clang, r-devel-linux-x86_64-fedora-gcc, r-devel-windows-x86_64, r-patched-linux-x86_64, r-release-linux-x86_64, r-release-macos-arm64, r-release-macos-x86_64, r-release-windows-x86_64
Version: 1.3.1
Check: installed package size
Result: NOTE
installed size is 5.3Mb
sub-directories of 1Mb or more:
data 4.1Mb
Flavor: r-release-macos-x86_64