Last updated on 2023-01-28 22:55:09 CET.
Flavor | Version | Tinstall | Tcheck | Ttotal | Status | Flags |
---|---|---|---|---|---|---|
r-devel-linux-x86_64-debian-clang | 0.2.1 | 7.13 | 103.52 | 110.65 | OK | |
r-devel-linux-x86_64-debian-gcc | 0.2.1 | 5.84 | 75.95 | 81.79 | OK | |
r-devel-linux-x86_64-fedora-clang | 0.2.1 | 133.14 | NOTE | |||
r-devel-linux-x86_64-fedora-gcc | 0.2.1 | 141.54 | NOTE | |||
r-devel-windows-x86_64 | 0.2.1 | 38.00 | 130.00 | 168.00 | OK | |
r-patched-linux-x86_64 | 0.2.1 | 6.71 | 97.66 | 104.37 | OK | |
r-release-linux-x86_64 | 0.2.1 | 6.72 | 91.28 | 98.00 | OK | |
r-release-macos-arm64 | 0.2.1 | 45.00 | NOTE | |||
r-release-macos-x86_64 | 0.2.1 | 70.00 | NOTE | |||
r-release-windows-x86_64 | 0.2.1 | 40.00 | 133.00 | 173.00 | OK | |
r-oldrel-macos-arm64 | 0.2.1 | 54.00 | NOTE | |||
r-oldrel-macos-x86_64 | 0.2.1 | 70.00 | NOTE | |||
r-oldrel-windows-ix86+x86_64 | 0.2.1 | 18.00 | 146.00 | 164.00 | OK |
Version: 0.2.1
Check: data for non-ASCII characters
Result: NOTE
Note: found 34 marked UTF-8 strings
Flavors: r-devel-linux-x86_64-fedora-clang, r-devel-linux-x86_64-fedora-gcc, r-release-macos-arm64, r-release-macos-x86_64, r-oldrel-macos-arm64, r-oldrel-macos-x86_64