CRAN Package Check Results for Package crossword.r

Last updated on 2020-01-17 22:50:49 CET.

Flavor Version Tinstall Tcheck Ttotal Status Flags
r-devel-linux-x86_64-debian-clang 0.3.6 2.94 23.29 26.23 OK
r-devel-linux-x86_64-debian-gcc 0.3.6 2.61 17.86 20.47 OK
r-devel-linux-x86_64-fedora-clang 0.3.6 32.45 NOTE
r-devel-linux-x86_64-fedora-gcc 0.3.6 30.99 NOTE
r-devel-windows-ix86+x86_64 0.3.6 11.00 36.00 47.00 OK
r-devel-windows-ix86+x86_64-gcc8 0.3.6 8.00 56.00 64.00 OK
r-patched-linux-x86_64 0.3.6 2.05 20.91 22.96 OK
r-patched-solaris-x86 0.3.6 44.10 NOTE
r-release-linux-x86_64 0.3.6 2.49 20.76 23.25 OK
r-release-windows-ix86+x86_64 0.3.6 10.00 54.00 64.00 OK
r-release-osx-x86_64 0.3.6 NOTE
r-oldrel-windows-ix86+x86_64 0.3.6 5.00 34.00 39.00 OK
r-oldrel-osx-x86_64 0.3.6 NOTE

Check Details

Version: 0.3.6
Check: dependencies in R code
Result: NOTE
    Namespaces in Imports field not imported from:
     ‘R6’ ‘dplyr’ ‘r6extended’
     All declared Imports should be used.
Flavors: r-devel-linux-x86_64-fedora-clang, r-devel-linux-x86_64-fedora-gcc, r-patched-solaris-x86, r-release-osx-x86_64, r-oldrel-osx-x86_64