CRAN Package Check Results for Package crossword.r

Last updated on 2019-08-25 22:46:59 CEST.

Flavor Version Tinstall Tcheck Ttotal Status Flags
r-devel-linux-x86_64-debian-clang 0.3.6 2.64 20.49 23.13 OK
r-devel-linux-x86_64-debian-gcc 0.3.6 2.19 16.58 18.77 OK
r-devel-linux-x86_64-fedora-clang 0.3.6 30.40 NOTE
r-devel-linux-x86_64-fedora-gcc 0.3.6 27.86 NOTE
r-devel-windows-ix86+x86_64 0.3.6 11.00 42.00 53.00 OK
r-patched-linux-x86_64 0.3.6 1.98 20.56 22.54 OK
r-patched-solaris-x86 0.3.6 46.10 NOTE
r-release-linux-x86_64 0.3.6 2.02 20.37 22.39 OK
r-release-windows-ix86+x86_64 0.3.6 9.00 51.00 60.00 OK
r-release-osx-x86_64 0.3.6 NOTE
r-oldrel-windows-ix86+x86_64 0.3.6 7.00 48.00 55.00 OK
r-oldrel-osx-x86_64 0.3.6 NOTE

Check Details

Version: 0.3.6
Check: dependencies in R code
Result: NOTE
    Namespaces in Imports field not imported from:
     ‘R6’ ‘dplyr’ ‘r6extended’
     All declared Imports should be used.
Flavors: r-devel-linux-x86_64-fedora-clang, r-devel-linux-x86_64-fedora-gcc, r-patched-solaris-x86, r-release-osx-x86_64, r-oldrel-osx-x86_64