Last updated on 2024-04-24 23:00:17 CEST.
Flavor | Version | Tinstall | Tcheck | Ttotal | Status | Flags |
---|---|---|---|---|---|---|
r-devel-linux-x86_64-debian-clang | 0.3.0 | 7.19 | 75.07 | 82.26 | NOTE | |
r-devel-linux-x86_64-debian-gcc | 0.3.0 | 5.49 | 53.14 | 58.63 | NOTE | |
r-devel-linux-x86_64-fedora-clang | 0.3.0 | 98.84 | NOTE | |||
r-devel-linux-x86_64-fedora-gcc | 0.3.0 | 92.17 | NOTE | |||
r-devel-windows-x86_64 | 0.3.0 | 7.00 | 71.00 | 78.00 | NOTE | |
r-patched-linux-x86_64 | 0.3.0 | 6.28 | 70.21 | 76.49 | NOTE | |
r-release-linux-x86_64 | 0.3.0 | 6.56 | 70.70 | 77.26 | OK | |
r-release-macos-arm64 | 0.3.0 | 35.00 | OK | |||
r-release-windows-x86_64 | 0.3.0 | 7.00 | 72.00 | 79.00 | NOTE | |
r-oldrel-macos-arm64 | 0.3.0 | 34.00 | OK | |||
r-oldrel-macos-x86_64 | 0.3.0 | 77.00 | OK | |||
r-oldrel-windows-x86_64 | 0.3.0 | 8.00 | 84.00 | 92.00 | OK |
Version: 0.3.0
Check: Rd files
Result: NOTE
checkRd: (-1) confRegCCR.Rd:24: Lost braces; missing escapes or markup?
24 | of interest, beta_{0r}, and the remaining ones are the constrained MLEs given beta_{0r}.}
| ^
checkRd: (-1) confRegCCR.Rd:24: Lost braces; missing escapes or markup?
24 | of interest, beta_{0r}, and the remaining ones are the constrained MLEs given beta_{0r}.}
| ^
checkRd: (-1) confRegCCR.Rd:27: Lost braces; missing escapes or markup?
27 | beta_{0r} in \code{paramVals}, which are those of interest, usually the ones
| ^
checkRd: (-1) confRegUCRandUCCR.Rd:24: Lost braces; missing escapes or markup?
24 | of interest, beta_{0r}, and the remaining ones are the unconstrained MLEs given beta_{0r}.}
| ^
checkRd: (-1) confRegUCRandUCCR.Rd:24: Lost braces; missing escapes or markup?
24 | of interest, beta_{0r}, and the remaining ones are the unconstrained MLEs given beta_{0r}.}
| ^
checkRd: (-1) confRegUCRandUCCR.Rd:27: Lost braces; missing escapes or markup?
27 | beta_{0r} in \code{paramVals}, which are those of interest, usually the ones
| ^
Flavors: r-devel-linux-x86_64-debian-clang, r-devel-linux-x86_64-debian-gcc, r-devel-linux-x86_64-fedora-clang, r-devel-linux-x86_64-fedora-gcc, r-devel-windows-x86_64, r-patched-linux-x86_64, r-release-windows-x86_64