CRAN Package Check Results for Package crunch

Last updated on 2021-04-20 22:52:53 CEST.

Flavor Version Tinstall Tcheck Ttotal Status Flags
r-devel-linux-x86_64-debian-clang 1.28.0 38.18 351.61 389.79 OK
r-devel-linux-x86_64-debian-gcc 1.28.0 28.60 269.14 297.74 OK
r-devel-linux-x86_64-fedora-clang 1.28.0 506.77 OK
r-devel-linux-x86_64-fedora-gcc 1.28.0 496.86 OK
r-devel-windows-ix86+x86_64 1.28.0 43.00 292.00 335.00 OK
r-devel-windows-x86_64-gcc10-UCRT 1.28.0 OK
r-patched-linux-x86_64 1.28.0 39.36 345.85 385.21 OK
r-patched-solaris-x86 1.28.0 516.10 OK
r-release-linux-x86_64 1.28.0 36.31 353.53 389.84 OK
r-release-macos-x86_64 1.28.0 OK
r-release-windows-ix86+x86_64 1.28.0 60.00 399.00 459.00 OK
r-oldrel-macos-x86_64 1.28.0 WARN
r-oldrel-windows-ix86+x86_64 1.28.0 74.00 379.00 453.00 WARN

Check Details

Version: 1.28.0
Check: Rd cross-references
Result: WARN
    Missing link or links in documentation object 'cube-computing.Rd':
     ‘[base:marginSums]{base::margin.table()}’
     ‘[base:proportions]{base::prop.table()}’
    
    See section 'Cross-references' in the 'Writing R Extensions' manual.
Flavors: r-oldrel-macos-x86_64, r-oldrel-windows-ix86+x86_64