CRAN Package Check Results for Package cry

Last updated on 2024-02-28 22:59:15 CET.

Flavor Version Tinstall Tcheck Ttotal Status Flags
r-devel-linux-x86_64-debian-clang 0.5.1 22.15 170.75 192.90 NOTE
r-devel-linux-x86_64-debian-gcc 0.5.1 18.41 119.36 137.77 NOTE
r-devel-linux-x86_64-fedora-clang 0.5.1 227.89 NOTE
r-devel-linux-x86_64-fedora-gcc 0.5.1 244.83 NOTE
r-devel-windows-x86_64 0.5.1 22.00 137.00 159.00 OK
r-patched-linux-x86_64 0.5.1 25.01 156.23 181.24 OK
r-release-linux-x86_64 0.5.1 27.06 158.54 185.60 OK
r-release-macos-arm64 0.5.1 70.00 OK
r-release-macos-x86_64 0.5.1 129.00 OK
r-release-windows-x86_64 0.5.1 31.00 162.00 193.00 OK
r-oldrel-macos-arm64 0.5.1 70.00 OK
r-oldrel-windows-x86_64 0.5.1 32.00 155.00 187.00 OK

Check Details

Version: 0.5.1
Check: Rd files
Result: NOTE checkRd: (-1) calculate_cell_volume.Rd:16: Lost braces; missing escapes or markup? 16 | V A real number. The volume (in angstroms^3 or angstroms^{-3}) | ^ Flavors: r-devel-linux-x86_64-debian-clang, r-devel-linux-x86_64-debian-gcc, r-devel-linux-x86_64-fedora-clang, r-devel-linux-x86_64-fedora-gcc