CRAN Package Check Results for Package csabounds

Last updated on 2021-04-12 22:50:59 CEST.

Flavor Version Tinstall Tcheck Ttotal Status Flags
r-devel-linux-x86_64-debian-clang 1.0.0 5.96 57.24 63.20 OK
r-devel-linux-x86_64-debian-gcc 1.0.0 4.40 42.13 46.53 OK
r-devel-linux-x86_64-fedora-clang 1.0.0 82.13 NOTE
r-devel-linux-x86_64-fedora-gcc 1.0.0 70.79 NOTE
r-devel-windows-ix86+x86_64 1.0.0 15.00 79.00 94.00 OK
r-devel-windows-x86_64-gcc10-UCRT 1.0.0 NOTE
r-patched-linux-x86_64 1.0.0 5.88 52.14 58.02 OK
r-patched-solaris-x86 1.0.0 106.80 NOTE
r-release-linux-x86_64 1.0.0 5.49 51.77 57.26 OK
r-release-macos-x86_64 1.0.0 NOTE
r-release-windows-ix86+x86_64 1.0.0 16.00 73.00 89.00 OK
r-oldrel-macos-x86_64 1.0.0 NOTE
r-oldrel-windows-ix86+x86_64 1.0.0 9.00 53.00 62.00 OK

Check Details

Version: 1.0.0
Check: dependencies in R code
Result: NOTE
    Namespace in Imports field not imported from: ‘qte’
     All declared Imports should be used.
Flavors: r-devel-linux-x86_64-fedora-clang, r-devel-linux-x86_64-fedora-gcc, r-devel-windows-x86_64-gcc10-UCRT, r-patched-solaris-x86, r-release-macos-x86_64, r-oldrel-macos-x86_64