Last updated on 2023-12-09 21:54:13 CET.
Flavor | Version | Tinstall | Tcheck | Ttotal | Status | Flags |
---|---|---|---|---|---|---|
r-devel-linux-x86_64-debian-clang | 1.9 | 15.78 | 126.17 | 141.95 | NOTE | |
r-devel-linux-x86_64-debian-gcc | 1.9 | 12.75 | 93.66 | 106.41 | NOTE | |
r-devel-linux-x86_64-fedora-clang | 1.9 | 181.22 | OK | |||
r-devel-linux-x86_64-fedora-gcc | 1.9 | 165.94 | OK | |||
r-devel-windows-x86_64 | 1.9 | 14.00 | 100.00 | 114.00 | OK | |
r-patched-linux-x86_64 | 1.9 | 23.61 | 123.25 | 146.86 | OK | |
r-release-linux-x86_64 | 1.9 | 11.37 | 121.67 | 133.04 | OK | |
r-release-macos-arm64 | 1.9 | 50.00 | OK | |||
r-release-macos-x86_64 | 1.9 | 132.00 | OK | |||
r-release-windows-x86_64 | 1.9 | 18.00 | 119.00 | 137.00 | OK | |
r-oldrel-macos-arm64 | 1.9 | 49.00 | OK | |||
r-oldrel-macos-x86_64 | 1.9 | 72.00 | OK | |||
r-oldrel-windows-x86_64 | 1.9 | 19.00 | 129.00 | 148.00 | OK |
Version: 1.9
Check: Rd files
Result: NOTE
checkRd: (-1) csvy.Rd:58: Lost braces in \itemize; meant \describe ?
checkRd: (-1) csvy.Rd:59: Lost braces in \itemize; meant \describe ?
checkRd: (-1) csvy.Rd:60: Lost braces in \itemize; meant \describe ?
Flavors: r-devel-linux-x86_64-debian-clang, r-devel-linux-x86_64-debian-gcc