Last updated on 2023-12-03 22:57:03 CET.
Flavor | Version | Tinstall | Tcheck | Ttotal | Status | Flags |
---|---|---|---|---|---|---|
r-devel-linux-x86_64-debian-clang | 2.0 | 25.39 | 28.12 | 53.51 | NOTE | |
r-devel-linux-x86_64-debian-gcc | 2.0 | 16.51 | 22.32 | 38.83 | NOTE | |
r-devel-linux-x86_64-fedora-clang | 2.0 | 80.26 | NOTE | |||
r-devel-linux-x86_64-fedora-gcc | 2.0 | 70.62 | NOTE | |||
r-devel-windows-x86_64 | 2.0 | 21.00 | 59.00 | 80.00 | NOTE | |
r-patched-linux-x86_64 | 2.0 | 20.08 | 28.10 | 48.18 | NOTE | |
r-release-linux-x86_64 | 2.0 | 20.12 | 28.12 | 48.24 | NOTE | |
r-release-macos-arm64 | 2.0 | 25.00 | NOTE | |||
r-release-macos-x86_64 | 2.0 | 36.00 | NOTE | |||
r-release-windows-x86_64 | 2.0 | 24.00 | 63.00 | 87.00 | NOTE | |
r-oldrel-macos-arm64 | 2.0 | 26.00 | OK | |||
r-oldrel-macos-x86_64 | 2.0 | 32.00 | OK | |||
r-oldrel-windows-x86_64 | 2.0 | 26.00 | 70.00 | 96.00 | OK |
Version: 2.0
Check: C++ specification
Result: NOTE
Specified C++11: please drop specification unless essential
Flavors: r-devel-linux-x86_64-debian-clang, r-devel-linux-x86_64-debian-gcc, r-devel-linux-x86_64-fedora-clang, r-devel-linux-x86_64-fedora-gcc, r-devel-windows-x86_64, r-patched-linux-x86_64, r-release-linux-x86_64, r-release-macos-arm64, r-release-macos-x86_64, r-release-windows-x86_64