Last updated on 2024-04-18 22:52:36 CEST.
Flavor | Version | Tinstall | Tcheck | Ttotal | Status | Flags |
---|---|---|---|---|---|---|
r-devel-linux-x86_64-debian-clang | 1.2.9 | 37.20 | 370.58 | 407.78 | NOTE | |
r-devel-linux-x86_64-debian-gcc | 1.2.9 | 26.78 | 261.34 | 288.12 | NOTE | |
r-devel-linux-x86_64-fedora-clang | 1.2.9 | 484.63 | NOTE | |||
r-devel-linux-x86_64-fedora-gcc | 1.2.9 | 461.58 | NOTE | |||
r-prerel-macos-arm64 | 1.2.9 | 106.00 | NOTE | |||
r-prerel-windows-x86_64 | 1.2.9 | 29.00 | 212.00 | 241.00 | NOTE | |
r-patched-linux-x86_64 | 1.2.9 | 25.26 | 338.50 | 363.76 | NOTE | |
r-release-linux-x86_64 | 1.2.9 | 29.84 | 348.57 | 378.41 | OK | |
r-release-macos-arm64 | 1.2.9 | 125.00 | OK | |||
r-release-macos-x86_64 | 1.2.9 | 217.00 | OK | |||
r-release-windows-x86_64 | 1.2.9 | 43.00 | 292.00 | 335.00 | OK | |
r-oldrel-macos-arm64 | 1.2.9 | 96.00 | OK | |||
r-oldrel-windows-x86_64 | 1.2.9 | 41.00 | 287.00 | 328.00 | OK |
Version: 1.2.9
Check: Rd files
Result: NOTE
checkRd: (-1) mcmc.fmove.Rd:81: Lost braces; missing escapes or markup?
81 | beta ~ N( 0 , tau^2 * QQ^{-1} )
| ^
Flavors: r-devel-linux-x86_64-debian-clang, r-devel-linux-x86_64-debian-gcc, r-devel-linux-x86_64-fedora-clang, r-devel-linux-x86_64-fedora-gcc, r-prerel-macos-arm64, r-prerel-windows-x86_64, r-patched-linux-x86_64