Last updated on 2023-03-24 22:55:07 CET.
Flavor | Version | Tinstall | Tcheck | Ttotal | Status | Flags |
---|---|---|---|---|---|---|
r-devel-linux-x86_64-debian-clang | 2.0.4.6 | 82.32 | 234.12 | 316.44 | OK | |
r-devel-linux-x86_64-debian-gcc | 2.0.4.6 | 59.09 | 159.26 | 218.35 | OK | |
r-devel-linux-x86_64-fedora-clang | 2.0.4.6 | 391.52 | OK | |||
r-devel-linux-x86_64-fedora-gcc | 2.0.4.6 | 377.80 | OK | |||
r-patched-linux-x86_64 | 2.0.4.6 | 62.92 | 220.90 | 283.82 | OK | |
r-release-linux-x86_64 | 2.0.4.6 | 63.77 | 221.68 | 285.45 | OK | |
r-release-macos-arm64 | 2.0.4.6 | 97.00 | OK | |||
r-release-macos-x86_64 | 2.0.4.6 | 191.00 | OK | |||
r-release-windows-x86_64 | 2.0.4.6 | 78.00 | 257.00 | 335.00 | OK | |
r-oldrel-macos-arm64 | 2.0.4.6 | 103.00 | OK | |||
r-oldrel-macos-x86_64 | 2.0.4.6 | 193.00 | OK | |||
r-oldrel-windows-ix86+x86_64 | 2.0.4.6 | 104.00 | 311.00 | 415.00 | NOTE |
Version: 2.0.4.6
Check: installed package size
Result: NOTE
installed size is 6.9Mb
sub-directories of 1Mb or more:
doc 1.3Mb
libs 5.5Mb
Flavor: r-oldrel-windows-ix86+x86_64