CRAN Package Check Results for Package cumulocityr

Last updated on 2021-04-12 22:50:59 CEST.

Flavor Version Tinstall Tcheck Ttotal Status Flags
r-devel-linux-x86_64-debian-clang 0.1.0 2.15 25.33 27.48 NOTE
r-devel-linux-x86_64-debian-gcc 0.1.0 1.74 19.40 21.14 NOTE
r-devel-linux-x86_64-fedora-clang 0.1.0 44.29 NOTE
r-devel-linux-x86_64-fedora-gcc 0.1.0 32.69 NOTE
r-devel-windows-ix86+x86_64 0.1.0 5.00 39.00 44.00 NOTE
r-devel-windows-x86_64-gcc10-UCRT 0.1.0 NOTE
r-patched-linux-x86_64 0.1.0 2.28 23.81 26.09 OK
r-patched-solaris-x86 0.1.0 48.90 OK
r-release-linux-x86_64 0.1.0 2.30 23.59 25.89 OK
r-release-macos-x86_64 0.1.0 OK
r-release-windows-ix86+x86_64 0.1.0 6.00 41.00 47.00 OK
r-oldrel-macos-x86_64 0.1.0 OK
r-oldrel-windows-ix86+x86_64 0.1.0 4.00 30.00 34.00 OK

Check Details

Version: 0.1.0
Check: LazyData
Result: NOTE
     'LazyData' is specified without a 'data' directory
Flavors: r-devel-linux-x86_64-debian-clang, r-devel-linux-x86_64-debian-gcc, r-devel-linux-x86_64-fedora-clang, r-devel-linux-x86_64-fedora-gcc, r-devel-windows-ix86+x86_64, r-devel-windows-x86_64-gcc10-UCRT