CRAN Package Check Results for Package cycleRtools

Last updated on 2023-01-26 23:00:11 CET.

Flavor Version Tinstall Tcheck Ttotal Status Flags
r-devel-linux-x86_64-debian-clang 1.1.1 64.10 60.63 124.73 OK
r-devel-linux-x86_64-debian-gcc 1.1.1 42.55 45.95 88.50 OK
r-devel-linux-x86_64-fedora-clang 1.1.1 205.88 NOTE
r-devel-linux-x86_64-fedora-gcc 1.1.1 186.54 NOTE
r-devel-windows-x86_64 1.1.1 117.00 127.00 244.00 OK
r-patched-linux-x86_64 1.1.1 46.03 59.23 105.26 OK
r-release-linux-x86_64 1.1.1 47.05 57.61 104.66 OK
r-release-macos-arm64 1.1.1 44.00 OK
r-release-macos-x86_64 1.1.1 63.00 OK
r-release-windows-x86_64 1.1.1 140.00 119.00 259.00 OK
r-oldrel-macos-arm64 1.1.1 56.00 OK
r-oldrel-macos-x86_64 1.1.1 70.00 OK
r-oldrel-windows-ix86+x86_64 1.1.1 149.00 109.00 258.00 NOTE

Check Details

Version: 1.1.1
Check: compiled code
Result: NOTE
    File ‘cycleRtools/libs/cycleRtools.so’:
     Found no calls to: ‘R_registerRoutines’, ‘R_useDynamicSymbols’
    
    It is good practice to register native routines and to disable symbol
    search.
    
    See ‘Writing portable packages’ in the ‘Writing R Extensions’ manual.
Flavors: r-devel-linux-x86_64-fedora-clang, r-devel-linux-x86_64-fedora-gcc

Version: 1.1.1
Check: installed package size
Result: NOTE
     installed size is 5.0Mb
     sub-directories of 1Mb or more:
     libs 2.1Mb
Flavor: r-oldrel-windows-ix86+x86_64