CRAN Package Check Results for Package cyclomort

Last updated on 2024-07-16 22:48:32 CEST.

Flavor Version Tinstall Tcheck Ttotal Status Flags
r-devel-linux-x86_64-debian-clang 1.0.2 13.36 222.36 235.72 NOTE
r-devel-linux-x86_64-debian-gcc 1.0.2 10.06 160.73 170.79 NOTE
r-devel-linux-x86_64-fedora-clang 1.0.2 302.86 NOTE
r-devel-linux-x86_64-fedora-gcc 1.0.2 287.22 NOTE
r-devel-windows-x86_64 1.0.2 12.00 175.00 187.00 NOTE
r-patched-linux-x86_64 1.0.2 13.39 213.08 226.47 NOTE
r-release-linux-x86_64 1.0.2 9.71 215.00 224.71 NOTE
r-release-macos-arm64 1.0.2 83.00 NOTE
r-release-macos-x86_64 1.0.2 134.00 NOTE
r-release-windows-x86_64 1.0.2 13.00 172.00 185.00 NOTE
r-oldrel-macos-arm64 1.0.2 87.00 NOTE
r-oldrel-macos-x86_64 1.0.2 154.00 NOTE
r-oldrel-windows-x86_64 1.0.2 16.00 210.00 226.00 NOTE

Check Details

Version: 1.0.2
Check: package subdirectories
Result: NOTE Problems with news in ‘NEWS.md’: No news entries found. Flavors: r-devel-linux-x86_64-debian-clang, r-devel-linux-x86_64-debian-gcc, r-devel-linux-x86_64-fedora-clang, r-devel-linux-x86_64-fedora-gcc, r-devel-windows-x86_64, r-patched-linux-x86_64, r-release-linux-x86_64, r-release-macos-arm64, r-release-macos-x86_64, r-release-windows-x86_64, r-oldrel-macos-arm64, r-oldrel-macos-x86_64, r-oldrel-windows-x86_64

Version: 1.0.2
Check: Rd cross-references
Result: NOTE Found the following Rd file(s) with Rd \link{} targets missing package anchors: simulate_cycloSurv.Rd: Surv Please provide package anchors for all Rd \link{} targets not in the package itself and the base packages. Flavor: r-devel-windows-x86_64