Last updated on 2023-09-28 23:08:43 CEST.
Flavor | Version | Tinstall | Tcheck | Ttotal | Status | Flags |
---|---|---|---|---|---|---|
r-devel-linux-x86_64-debian-clang | 1.0.2 | 14.25 | 224.72 | 238.97 | NOTE | |
r-devel-linux-x86_64-debian-gcc | 1.0.2 | 11.16 | 163.17 | 174.33 | NOTE | |
r-devel-linux-x86_64-fedora-clang | 1.0.2 | 280.87 | NOTE | |||
r-devel-linux-x86_64-fedora-gcc | 1.0.2 | 307.06 | NOTE | |||
r-devel-windows-x86_64 | 1.0.2 | 13.00 | 177.00 | 190.00 | NOTE | |
r-patched-linux-x86_64 | 1.0.2 | 11.47 | 214.33 | 225.80 | NOTE | |
r-release-linux-x86_64 | 1.0.2 | 13.04 | 211.70 | 224.74 | NOTE | |
r-release-macos-arm64 | 1.0.2 | 87.00 | NOTE | |||
r-release-macos-x86_64 | 1.0.2 | 154.00 | NOTE | |||
r-release-windows-x86_64 | 1.0.2 | 19.00 | 213.00 | 232.00 | NOTE | |
r-oldrel-macos-arm64 | 1.0.2 | 75.00 | OK | |||
r-oldrel-macos-x86_64 | 1.0.2 | 163.00 | OK | |||
r-oldrel-windows-x86_64 | 1.0.2 | 18.00 | 210.00 | 228.00 | OK |
Version: 1.0.2
Check: package subdirectories
Result: NOTE
Problems with news in ‘NEWS.md’:
No news entries found.
Flavors: r-devel-linux-x86_64-debian-clang, r-devel-linux-x86_64-debian-gcc, r-devel-linux-x86_64-fedora-clang, r-devel-linux-x86_64-fedora-gcc, r-devel-windows-x86_64, r-patched-linux-x86_64, r-release-linux-x86_64, r-release-macos-arm64, r-release-macos-x86_64, r-release-windows-x86_64